{"id":157,"date":"2019-06-02T21:10:15","date_gmt":"2019-06-02T19:10:15","guid":{"rendered":"https:\/\/wiso-data.de\/orgelmuseum\/?page_id=157"},"modified":"2019-06-02T21:19:17","modified_gmt":"2019-06-02T19:19:17","slug":"schuke-kirchenorgel","status":"publish","type":"page","link":"https:\/\/wiso-data.de\/orgelmuseum\/exponate\/schuke-kirchenorgel\/","title":{"rendered":"Schuke Kirchenorgel"},"content":{"rendered":"<p>[et_pb_section bb_built=&#8220;1&#8243; fullwidth=&#8220;on&#8220; specialty=&#8220;off&#8220; next_background_color=&#8220;#000000&#8243;][et_pb_fullwidth_image _builder_version=&#8220;3.21&#8243; src=&#8220;https:\/\/wiso-data.de\/orgelmuseum\/wp-content\/uploads\/2019\/05\/banner1.jpg&#8220; \/][\/et_pb_section][et_pb_section bb_built=&#8220;1&#8243; prev_background_color=&#8220;#000000&#8243;][et_pb_row][et_pb_column type=&#8220;4_4&#8243;][et_pb_text _builder_version=&#8220;3.21&#8243;]<\/p>\n<h1>Schuke Kirchenorgel aus Toppel<\/h1>\n<p>Diese Orgel wurde 1909 von Alexander Schuke aus Potsdam erbaut. Sie besitzt 4 klingende Register auf einem Manual und Pedal und wird mit pneumatischen Kegelladen angesteuert. Zus\u00e4tzlich gibt es eine Superoctavkoppel mit der die 3 Manualregister eine Octave h\u00f6her erklingen k\u00f6nnen.<\/p>\n<p>Mit dieser technischen Einrichtung, die bei pneumatisch gesteuerten Orgeln h\u00e4ufig zu finden ist, kann mit wenigen Registern der Klangreichtum erheblich vergr\u00f6\u00dfert werden: Zu den 3 Pfeifenreihen, alle in der Normallage (\u00c4quallage) werden jeweils 12 kleine Diskantpfeifen hinzugef\u00fcgt, um die Illusion einer Orgel mit 6 Registern zu erreichen. Der Orgelbauer und die Gemeinde sparen so den Platz und die Kosten von 126 Pfeifen. Das Werk wurde in Toppel nicht mehr ben\u00f6tigt und nach einer Restaurierung durch die Erbauerfirma als Leihgabe in Bad Belzig aufgestellt, wo es mit seinem volumin\u00f6sen Klang ann\u00e4hernd die ganze Stadtkirche zu beschallen vermag.<\/p>\n<p>[\/et_pb_text][\/et_pb_column][\/et_pb_row][et_pb_row][et_pb_column type=&#8220;1_2&#8243;][et_pb_image _builder_version=&#8220;3.21&#8243; src=&#8220;https:\/\/wiso-data.de\/orgelmuseum\/wp-content\/uploads\/2019\/06\/SchukeOrgel.jpg&#8220; \/][\/et_pb_column][et_pb_column type=&#8220;1_2&#8243;][et_pb_image _builder_version=&#8220;3.21&#8243; src=&#8220;https:\/\/wiso-data.de\/orgelmuseum\/wp-content\/uploads\/2019\/06\/DispositionSchukeToppel.jpg&#8220; \/][\/et_pb_column][\/et_pb_row][\/et_pb_section]<\/p>\n","protected":false},"excerpt":{"rendered":"<p><div class=\"et_pb_row et_pb_row_0 et_pb_row_empty\">\n\t\t\t\t\n\t\t\t\t\n\t\t\t\t\n\t\t\t\t\n\t\t\t\t\n\t\t\t<\/div> Schuke Kirchenorgel aus Toppel Diese Orgel wurde 1909 von Alexander Schuke aus Potsdam erbaut. Sie besitzt 4 klingende Register auf einem Manual und Pedal und wird mit pneumatischen Kegelladen angesteuert. Zus\u00e4tzlich gibt es eine Superoctavkoppel mit der die 3 Manualregister eine Octave h\u00f6her erklingen k\u00f6nnen. Mit dieser technischen Einrichtung, die bei pneumatisch gesteuerten Orgeln [&hellip;]<\/p>\n","protected":false},"author":1,"featured_media":0,"parent":50,"menu_order":4,"comment_status":"closed","ping_status":"closed","template":"","meta":{"_et_pb_use_builder":"on","_et_pb_old_content":"","_et_gb_content_width":""},"_links":{"self":[{"href":"https:\/\/wiso-data.de\/orgelmuseum\/wp-json\/wp\/v2\/pages\/157"}],"collection":[{"href":"https:\/\/wiso-data.de\/orgelmuseum\/wp-json\/wp\/v2\/pages"}],"about":[{"href":"https:\/\/wiso-data.de\/orgelmuseum\/wp-json\/wp\/v2\/types\/page"}],"author":[{"embeddable":true,"href":"https:\/\/wiso-data.de\/orgelmuseum\/wp-json\/wp\/v2\/users\/1"}],"replies":[{"embeddable":true,"href":"https:\/\/wiso-data.de\/orgelmuseum\/wp-json\/wp\/v2\/comments?post=157"}],"version-history":[{"count":4,"href":"https:\/\/wiso-data.de\/orgelmuseum\/wp-json\/wp\/v2\/pages\/157\/revisions"}],"predecessor-version":[{"id":164,"href":"https:\/\/wiso-data.de\/orgelmuseum\/wp-json\/wp\/v2\/pages\/157\/revisions\/164"}],"up":[{"embeddable":true,"href":"https:\/\/wiso-data.de\/orgelmuseum\/wp-json\/wp\/v2\/pages\/50"}],"wp:attachment":[{"href":"https:\/\/wiso-data.de\/orgelmuseum\/wp-json\/wp\/v2\/media?parent=157"}],"curies":[{"name":"wp","href":"https:\/\/api.w.org\/{rel}","templated":true}]}}