{"id":11,"date":"2019-05-30T10:52:12","date_gmt":"2019-05-30T08:52:12","guid":{"rendered":"https:\/\/wiso-data.de\/orgelmuseum\/?page_id=11"},"modified":"2026-03-13T18:54:13","modified_gmt":"2026-03-13T17:54:13","slug":"brandenburgisches-orgelmuseum","status":"publish","type":"page","link":"https:\/\/wiso-data.de\/orgelmuseum\/","title":{"rendered":"Brandenburgisches Orgelmuseum"},"content":{"rendered":"<p>[et_pb_section fb_built=&#8220;1&#8243; fullwidth=&#8220;on&#8220; disabled_on=&#8220;on|on|off&#8220; _builder_version=&#8220;4.16&#8243; global_colors_info=&#8220;{}&#8220;][et_pb_fullwidth_slider admin_label=&#8220;Vollbreiter Slider Deskktop&#8220; _builder_version=&#8220;4.16&#8243; header_font_size=&#8220;48&#8243; header_text_shadow_style=&#8220;preset1&#8243; global_colors_info=&#8220;{}&#8220; button_text_size__hover_enabled=&#8220;off&#8220; button_text_size__hover=&#8220;null&#8220; button_one_text_size__hover_enabled=&#8220;off&#8220; button_one_text_size__hover=&#8220;null&#8220; button_two_text_size__hover_enabled=&#8220;off&#8220; button_two_text_size__hover=&#8220;null&#8220; button_text_color__hover_enabled=&#8220;off&#8220; button_text_color__hover=&#8220;null&#8220; button_one_text_color__hover_enabled=&#8220;off&#8220; button_one_text_color__hover=&#8220;null&#8220; button_two_text_color__hover_enabled=&#8220;off&#8220; button_two_text_color__hover=&#8220;null&#8220; button_border_width__hover_enabled=&#8220;off&#8220; button_border_width__hover=&#8220;null&#8220; button_one_border_width__hover_enabled=&#8220;off&#8220; button_one_border_width__hover=&#8220;null&#8220; button_two_border_width__hover_enabled=&#8220;off&#8220; button_two_border_width__hover=&#8220;null&#8220; button_border_color__hover_enabled=&#8220;off&#8220; button_border_color__hover=&#8220;null&#8220; button_one_border_color__hover_enabled=&#8220;off&#8220; button_one_border_color__hover=&#8220;null&#8220; button_two_border_color__hover_enabled=&#8220;off&#8220; button_two_border_color__hover=&#8220;null&#8220; button_border_radius__hover_enabled=&#8220;off&#8220; button_border_radius__hover=&#8220;null&#8220; button_one_border_radius__hover_enabled=&#8220;off&#8220; button_one_border_radius__hover=&#8220;null&#8220; button_two_border_radius__hover_enabled=&#8220;off&#8220; button_two_border_radius__hover=&#8220;null&#8220; button_letter_spacing__hover_enabled=&#8220;off&#8220; button_letter_spacing__hover=&#8220;null&#8220; button_one_letter_spacing__hover_enabled=&#8220;off&#8220; button_one_letter_spacing__hover=&#8220;null&#8220; button_two_letter_spacing__hover_enabled=&#8220;off&#8220; button_two_letter_spacing__hover=&#8220;null&#8220; button_bg_color__hover_enabled=&#8220;off&#8220; button_bg_color__hover=&#8220;null&#8220; button_one_bg_color__hover_enabled=&#8220;off&#8220; button_one_bg_color__hover=&#8220;null&#8220; button_two_bg_color__hover_enabled=&#8220;off&#8220; button_two_bg_color__hover=&#8220;null&#8220;][et_pb_slide use_bg_overlay=&#8220;off&#8220; use_text_overlay=&#8220;off&#8220; _builder_version=&#8220;4.16&#8243; header_level=&#8220;h1&#8243; header_text_align=&#8220;right&#8220; background_image=&#8220;https:\/\/wiso-data.de\/orgelmuseum\/wp-content\/uploads\/2019\/07\/BrandenburgischesOrgelmuseum.jpg&#8220; button_on_hover=&#8220;on&#8220; text_orientation=&#8220;right&#8220; header_text_shadow_style=&#8220;preset1&#8243; text_shadow_style=&#8220;preset1&#8243; global_colors_info=&#8220;{}&#8220; sticky_transition=&#8220;on&#8220;]<\/p>\n<p>&nbsp;<\/p>\n<h1><span style=\"font-size: 58px;\">Brandenburgisches Orgelmuseum<\/span><\/h1>\n<p>&nbsp;<\/p>\n<h2><span style=\"font-size: 42px;\">Bad Belzig<\/span><\/h2>\n<p>&nbsp;<\/p>\n<p>[\/et_pb_slide][et_pb_slide use_bg_overlay=&#8220;off&#8220; use_text_overlay=&#8220;off&#8220; _builder_version=&#8220;4.16&#8243; header_level=&#8220;h1&#8243; header_text_align=&#8220;right&#8220; background_image=&#8220;https:\/\/wiso-data.de\/orgelmuseum\/wp-content\/uploads\/2019\/05\/banner2.jpg&#8220; button_on_hover=&#8220;on&#8220; text_orientation=&#8220;right&#8220; header_text_shadow_style=&#8220;preset1&#8243; text_shadow_style=&#8220;preset1&#8243; global_colors_info=&#8220;{}&#8220; sticky_transition=&#8220;on&#8220;]&nbsp;<\/p>\n<h1><span style=\"font-size: 58px\">Brandenburgisches Orgelmuseum<\/span><\/h1>\n<p>&nbsp;<\/p>\n<h2><span style=\"font-size: 42px\">Bad Belzig<\/span><\/h2>\n<p>&nbsp;<br \/>\n[\/et_pb_slide][et_pb_slide use_bg_overlay=&#8220;off&#8220; use_text_overlay=&#8220;off&#8220; _builder_version=&#8220;4.16&#8243; header_level=&#8220;h1&#8243; header_text_align=&#8220;right&#8220; background_image=&#8220;https:\/\/wiso-data.de\/orgelmuseum\/wp-content\/uploads\/2019\/05\/banner4.jpg&#8220; text_orientation=&#8220;right&#8220; header_text_shadow_style=&#8220;preset1&#8243; text_shadow_style=&#8220;preset1&#8243; global_colors_info=&#8220;{}&#8220; sticky_transition=&#8220;on&#8220;]&nbsp;<\/p>\n<h1><span style=\"font-size: 58px\">Brandenburgisches Orgelmuseum<\/span><\/h1>\n<p>&nbsp;<\/p>\n<h2><span style=\"font-size: 42px\">Bad Belzig<\/span><\/h2>\n<p>&nbsp;<br \/>\n[\/et_pb_slide][\/et_pb_fullwidth_slider][\/et_pb_section][et_pb_section fb_built=&#8220;1&#8243; fullwidth=&#8220;on&#8220; disabled_on=&#8220;on|off|on&#8220; _builder_version=&#8220;4.16&#8243; global_colors_info=&#8220;{}&#8220;][et_pb_fullwidth_slider admin_label=&#8220;Vollbreiter Slider Tablet&#8220; _builder_version=&#8220;4.16&#8243; header_font_size=&#8220;48&#8243; header_text_shadow_style=&#8220;preset1&#8243; global_colors_info=&#8220;{}&#8220; button_text_size__hover_enabled=&#8220;off&#8220; button_text_size__hover=&#8220;null&#8220; button_one_text_size__hover_enabled=&#8220;off&#8220; button_one_text_size__hover=&#8220;null&#8220; button_two_text_size__hover_enabled=&#8220;off&#8220; button_two_text_size__hover=&#8220;null&#8220; button_text_color__hover_enabled=&#8220;off&#8220; button_text_color__hover=&#8220;null&#8220; button_one_text_color__hover_enabled=&#8220;off&#8220; button_one_text_color__hover=&#8220;null&#8220; button_two_text_color__hover_enabled=&#8220;off&#8220; button_two_text_color__hover=&#8220;null&#8220; button_border_width__hover_enabled=&#8220;off&#8220; button_border_width__hover=&#8220;null&#8220; button_one_border_width__hover_enabled=&#8220;off&#8220; button_one_border_width__hover=&#8220;null&#8220; button_two_border_width__hover_enabled=&#8220;off&#8220; button_two_border_width__hover=&#8220;null&#8220; button_border_color__hover_enabled=&#8220;off&#8220; button_border_color__hover=&#8220;null&#8220; button_one_border_color__hover_enabled=&#8220;off&#8220; button_one_border_color__hover=&#8220;null&#8220; button_two_border_color__hover_enabled=&#8220;off&#8220; button_two_border_color__hover=&#8220;null&#8220; button_border_radius__hover_enabled=&#8220;off&#8220; button_border_radius__hover=&#8220;null&#8220; button_one_border_radius__hover_enabled=&#8220;off&#8220; button_one_border_radius__hover=&#8220;null&#8220; button_two_border_radius__hover_enabled=&#8220;off&#8220; button_two_border_radius__hover=&#8220;null&#8220; button_letter_spacing__hover_enabled=&#8220;off&#8220; button_letter_spacing__hover=&#8220;null&#8220; button_one_letter_spacing__hover_enabled=&#8220;off&#8220; button_one_letter_spacing__hover=&#8220;null&#8220; button_two_letter_spacing__hover_enabled=&#8220;off&#8220; button_two_letter_spacing__hover=&#8220;null&#8220; button_bg_color__hover_enabled=&#8220;off&#8220; button_bg_color__hover=&#8220;null&#8220; button_one_bg_color__hover_enabled=&#8220;off&#8220; button_one_bg_color__hover=&#8220;null&#8220; button_two_bg_color__hover_enabled=&#8220;off&#8220; button_two_bg_color__hover=&#8220;null&#8220;][et_pb_slide heading=&#8220;Willkommen&#8220; use_bg_overlay=&#8220;off&#8220; use_text_overlay=&#8220;off&#8220; _builder_version=&#8220;4.16&#8243; header_level=&#8220;h1&#8243; header_text_align=&#8220;right&#8220; background_image=&#8220;https:\/\/wiso-data.de\/orgelmuseum\/wp-content\/uploads\/2019\/07\/BrandenburgischesOrgelmuseum.jpg&#8220; button_on_hover=&#8220;on&#8220; text_orientation=&#8220;right&#8220; header_text_shadow_style=&#8220;preset1&#8243; text_shadow_style=&#8220;preset1&#8243; global_colors_info=&#8220;{}&#8220; sticky_transition=&#8220;on&#8220;]<\/p>\n<p>&nbsp;<\/p>\n<h1><span style=\"font-size: 42px;\">Brandenburgisches Orgelmuseum<\/span><\/h1>\n<p>&nbsp;<\/p>\n<h2><span style=\"font-size: 28px;\">Bad Belzig<\/span><\/h2>\n<p>&nbsp;<\/p>\n<p>[\/et_pb_slide][et_pb_slide heading=&#8220;Willkommen&#8220; use_bg_overlay=&#8220;off&#8220; use_text_overlay=&#8220;off&#8220; _builder_version=&#8220;4.16&#8243; header_level=&#8220;h1&#8243; header_text_align=&#8220;right&#8220; background_image=&#8220;https:\/\/wiso-data.de\/orgelmuseum\/wp-content\/uploads\/2019\/05\/banner2.jpg&#8220; button_on_hover=&#8220;on&#8220; text_orientation=&#8220;right&#8220; header_text_shadow_style=&#8220;preset1&#8243; text_shadow_style=&#8220;preset1&#8243; global_colors_info=&#8220;{}&#8220; sticky_transition=&#8220;on&#8220;]&nbsp;<\/p>\n<h1><span style=\"font-size: 42px\">Brandenburgisches Orgelmuseum<\/span><\/h1>\n<p>&nbsp;<\/p>\n<h2><span style=\"font-size: 28px\">Bad Belzig<\/span><\/h2>\n<p>&nbsp;<br \/>\n[\/et_pb_slide][et_pb_slide heading=&#8220;Willkommen&#8220; use_bg_overlay=&#8220;off&#8220; use_text_overlay=&#8220;off&#8220; _builder_version=&#8220;4.16&#8243; header_level=&#8220;h1&#8243; header_text_align=&#8220;right&#8220; background_image=&#8220;https:\/\/wiso-data.de\/orgelmuseum\/wp-content\/uploads\/2019\/05\/banner4.jpg&#8220; button_on_hover=&#8220;on&#8220; text_orientation=&#8220;right&#8220; header_text_shadow_style=&#8220;preset1&#8243; text_shadow_style=&#8220;preset1&#8243; global_colors_info=&#8220;{}&#8220; sticky_transition=&#8220;on&#8220;]&nbsp;<\/p>\n<h1><span style=\"font-size: 42px\">Brandenburgisches Orgelmuseum<\/span><\/h1>\n<p>&nbsp;<\/p>\n<h2><span style=\"font-size: 28px\">Bad Belzig<\/span><\/h2>\n<p>&nbsp;<br \/>\n[\/et_pb_slide][\/et_pb_fullwidth_slider][\/et_pb_section][et_pb_section fb_built=&#8220;1&#8243; disabled_on=&#8220;|on|on&#8220; _builder_version=&#8220;4.16&#8243; background_image=&#8220;https:\/\/wiso-data.de\/orgelmuseum\/wp-content\/uploads\/2019\/07\/BrandenburgischesOrgelmuseum.jpg&#8220; global_colors_info=&#8220;{}&#8220;][et_pb_row module_class=&#8220; et_pb_row_fullwidth&#8220; _builder_version=&#8220;4.16&#8243; width=&#8220;89%&#8220; width_tablet=&#8220;80%&#8220; width_phone=&#8220;&#8220; width_last_edited=&#8220;on|desktop&#8220; max_width=&#8220;89%&#8220; max_width_tablet=&#8220;80%&#8220; max_width_phone=&#8220;&#8220; max_width_last_edited=&#8220;on|desktop&#8220; make_fullwidth=&#8220;on&#8220; global_colors_info=&#8220;{}&#8220;][et_pb_column type=&#8220;4_4&#8243; _builder_version=&#8220;4.16&#8243; custom_padding=&#8220;|||&#8220; global_colors_info=&#8220;{}&#8220; custom_padding__hover=&#8220;|||&#8220;][et_pb_text admin_label=&#8220;Text und Bild Mobile&#8220; _builder_version=&#8220;4.16&#8243; background_layout=&#8220;dark&#8220; global_colors_info=&#8220;{}&#8220;]<\/p>\n<h2 style=\"text-align: right;\"><span style=\"font-size: 18px;\">Willkommen<\/span><\/h2>\n<h1 style=\"text-align: right;\"><span style=\"font-size: 24px;\">Brandenburgisches Orgelmuseum<\/span><\/h1>\n<h2 style=\"text-align: right;\"><span style=\"font-size: 18px;\">Bad Belzig<\/span><\/h2>\n<p>[\/et_pb_text][\/et_pb_column][\/et_pb_row][\/et_pb_section][et_pb_section fb_built=&#8220;1&#8243; _builder_version=&#8220;4.16&#8243; global_colors_info=&#8220;{}&#8220;][et_pb_row _builder_version=&#8220;4.16&#8243; background_size=&#8220;initial&#8220; background_position=&#8220;top_left&#8220; background_repeat=&#8220;repeat&#8220; global_colors_info=&#8220;{}&#8220;][et_pb_column type=&#8220;4_4&#8243; _builder_version=&#8220;4.16&#8243; custom_padding=&#8220;|||&#8220; global_colors_info=&#8220;{}&#8220; custom_padding__hover=&#8220;|||&#8220;][et_pb_text _builder_version=&#8220;4.27.6&#8243; header_line_height=&#8220;1.7em&#8220; hover_enabled=&#8220;0&#8243; global_colors_info=&#8220;{}&#8220; sticky_enabled=&#8220;0&#8243;]<\/p>\n<p>St. Marienkirche in Bad Belzig<\/p>\n<h1>Brandenburgische Orgelmuseum<\/h1>\n<p>&nbsp;<\/p>\n<h2>Das Brandenburgische Orgelmuseum wurde zum 31.12.2025 geschlossen.<\/h2>\n<h3><\/h3>\n<p>[\/et_pb_text][et_pb_text _builder_version=&#8220;4.27.6&#8243; header_line_height=&#8220;1.7em&#8220; hover_enabled=&#8220;0&#8243; global_colors_info=&#8220;{}&#8220; sticky_enabled=&#8220;0&#8243; disabled_on=&#8220;on|on|on&#8220; disabled=&#8220;on&#8220;]<\/p>\n<p>St. Marienkirche in Bad Belzig<\/p>\n<h1>Brandenburgische Orgelmuseum<\/h1>\n<p>&nbsp;<\/p>\n<h2>Das Brandenburgische Orgelmuseum wurde zum 31.12.2025 geschlossen.<\/h2>\n<p>&nbsp;<\/p>\n<p>Bisher haben folgende Instrumente hier ihr Zuhause:<\/p>\n<p>Die Orgel von\u00a0<b>Johann Adolarius Papenius<\/b>\u00a0aus dem Jahre 1747. Sie stammt aus einer abgebrochenen Kirche in Hordorf bei Magdeburg und wurde 1979 hier eingeweiht. Mit ihren 20 Registern auf 2 Manualen und Pedal ist sie das gr\u00f6\u00dfte Instrument des Raumes und besitzt 1.102 Orgelpfeifen.<\/p>\n<p>Die\u00a0<b>Kabinettorgel<\/b>, welche um 1810 erbaut sein d\u00fcrfte. Sie tr\u00e4gt deutliche Spuren eines brandenburgischen Meisters und kann sowohl \u00fcber ein Fu\u00dfpedal, als auch \u00fcber einen Gebl\u00e4semotor mit Wind versorgt werden. Ihre 5 Register lassen 222 Pfeifen zuz\u00fcglich eines Zimbelsterns erklingen.<\/p>\n<p>Aus\u00a0<b>Ilbersdorf<\/b>\u00a0bei K\u00f6then stammt die wertvolle Orgel, die\u00a0<b>Friedrich Giese\u00a0<\/b>aus Dessau 1867 erbaute. Die dortige Kirche wurde 2006 geschlossen und soll ab 2012 teilweise abgetragen werden. Nun konnte die Orgel Dank einer Spende abgebaut und nach Bad Belzig transportiert werden. Nach der Restaurierung wird sie 8 Register und ein wundervoll weiches fr\u00fchromantisches Klangbild zeigen.<\/p>\n<p>Die\u00a0<b>Dorforgel aus Toppel<\/b>\u00a0ist eine Leihgabe der Orgelfirma Schuke aus Werder. Dieses 1906 erbaute Werk des Firmengr\u00fcnders besitzt eine pneumatische Taktur und einen romantischen Klangaufbau, der im krassen Gegensatz zur Papenius-Orgel steht. Sie hat 189 Orgelpfeifen.<\/p>\n<p>Ein\u00a0<b>Serienpositiv aus dem Hause Sauer<\/b>\u00a0in Frankfurt\/Oder zeigt, wie mit sehr einfachen Mitteln eine kleine Pfeifenorgel zu DDR-Zeiten gebaut wurde. Sie wird \u00fcber einen Fu\u00dfsch\u00f6pfer mit Wind versorgt, hat 3 Register und bei einem verkleinerten Tastenumfang 132 Pfeifen.<\/p>\n<p>Die\u00a0<b>Haus- und \u00dcbeorgel des Kantors<\/b>\u00a0ist das j\u00fcngste Instrument im Kirchenraum. Erbaut 1998 von Orgebaumeister Tzsch\u00f6ckel aus W\u00fcrttemberg handelt es sich um eine Truhenorgel mit aufgesetztem 2. Manualwerk und angeh\u00e4ngtem Pedal. Somit kann jede Orgelliteratur mit 4 Registern und 212 Pfeifen einge\u00fcbt werden.<\/p>\n<p>Die kleinste Orgel stellt ein\u00a0<b>Tischportativ<\/b>\u00a0dar, welches der ehemaligen und 2011 verstorbenen Kantorin Thea Labes geh\u00f6rte. Mit einer Hand bet\u00e4tigt man den Balg, mit der anderen k\u00f6nnen ein- oder zweistimmige St\u00fccke auf sehr schmalen Tasten und mit 25 Pfeifen gespielt werden.<\/p>\n<p>Ein\u00a0<b>Clavichord<\/b>\u00a0in historischer Bauweise und ein aufw\u00e4ndig gestaltetes Harmonium aus der Bricciuskirche Bad Belzig komplettieren die Instrumentensammlung.<\/p>\n<p>&nbsp;<\/p>\n<h3>Schauen Sie doch einmal herein!<\/h3>\n<p>[\/et_pb_text][et_pb_image src=&#8220;https:\/\/wiso-data.de\/orgelmuseum\/wp-content\/uploads\/2020\/11\/frame.png&#8220; title_text=&#8220;frame&#8220; disabled_on=&#8220;on|on|on&#8220; _builder_version=&#8220;4.19.5&#8243; _module_preset=&#8220;default&#8220; disabled=&#8220;on&#8220; global_colors_info=&#8220;{}&#8220;][\/et_pb_image][\/et_pb_column][\/et_pb_row][\/et_pb_section]<\/p>\n","protected":false},"excerpt":{"rendered":"<p>&nbsp;Brandenburgisches Orgelmuseum&nbsp;Bad Belzig&nbsp; &nbsp; Brandenburgisches Orgelmuseum &nbsp; Bad Belzig &nbsp; &nbsp; Brandenburgisches Orgelmuseum &nbsp; Bad Belzig &nbsp; &nbsp;Brandenburgisches Orgelmuseum&nbsp;Bad Belzig&nbsp; &nbsp; Brandenburgisches Orgelmuseum &nbsp; Bad Belzig &nbsp; &nbsp; Brandenburgisches Orgelmuseum &nbsp; Bad Belzig &nbsp; WillkommenBrandenburgisches OrgelmuseumBad Belzig St. Marienkirche in Bad Belzig Brandenburgische Orgelmuseum &nbsp; Das Brandenburgische Orgelmuseum wurde zum 31.12.2025 geschlossen. St. Marienkirche in [&hellip;]<\/p>\n","protected":false},"author":1,"featured_media":0,"parent":0,"menu_order":1,"comment_status":"closed","ping_status":"closed","template":"","meta":{"_et_pb_use_builder":"on","_et_pb_old_content":"","_et_gb_content_width":""},"_links":{"self":[{"href":"https:\/\/wiso-data.de\/orgelmuseum\/wp-json\/wp\/v2\/pages\/11"}],"collection":[{"href":"https:\/\/wiso-data.de\/orgelmuseum\/wp-json\/wp\/v2\/pages"}],"about":[{"href":"https:\/\/wiso-data.de\/orgelmuseum\/wp-json\/wp\/v2\/types\/page"}],"author":[{"embeddable":true,"href":"https:\/\/wiso-data.de\/orgelmuseum\/wp-json\/wp\/v2\/users\/1"}],"replies":[{"embeddable":true,"href":"https:\/\/wiso-data.de\/orgelmuseum\/wp-json\/wp\/v2\/comments?post=11"}],"version-history":[{"count":25,"href":"https:\/\/wiso-data.de\/orgelmuseum\/wp-json\/wp\/v2\/pages\/11\/revisions"}],"predecessor-version":[{"id":339,"href":"https:\/\/wiso-data.de\/orgelmuseum\/wp-json\/wp\/v2\/pages\/11\/revisions\/339"}],"wp:attachment":[{"href":"https:\/\/wiso-data.de\/orgelmuseum\/wp-json\/wp\/v2\/media?parent=11"}],"curies":[{"name":"wp","href":"https:\/\/api.w.org\/{rel}","templated":true}]}}