{"id":41,"date":"2019-01-08T10:44:41","date_gmt":"2019-01-08T09:44:41","guid":{"rendered":"http:\/\/kromphardt.de\/?page_id=41"},"modified":"2025-11-18T11:45:03","modified_gmt":"2025-11-18T10:45:03","slug":"impressum","status":"publish","type":"page","link":"https:\/\/wiso-data.de\/kromphardt\/impressum\/","title":{"rendered":"Impressum"},"content":{"rendered":"<p>[et_pb_section fb_built=&#8220;1&#8243; fullwidth=&#8220;on&#8220; _builder_version=&#8220;4.27.4&#8243; background_enable_color=&#8220;off&#8220; locked=&#8220;off&#8220; global_colors_info=&#8220;{}&#8220;][et_pb_fullwidth_image src=&#8220;https:\/\/wiso-data.de\/kromphardt\/wp-content\/uploads\/2025\/11\/Banner1-1280.x100.jpg&#8220; title_text=&#8220;Banner1-1280.x100&#8243; _builder_version=&#8220;4.27.4&#8243; _module_preset=&#8220;default&#8220; global_colors_info=&#8220;{}&#8220;][\/et_pb_fullwidth_image][\/et_pb_section][et_pb_section fb_built=&#8220;1&#8243; _builder_version=&#8220;4.16&#8243; global_colors_info=&#8220;{}&#8220;][et_pb_row _builder_version=&#8220;4.16&#8243; background_size=&#8220;initial&#8220; background_position=&#8220;top_left&#8220; background_repeat=&#8220;repeat&#8220; global_colors_info=&#8220;{}&#8220;][et_pb_column type=&#8220;4_4&#8243; _builder_version=&#8220;4.16&#8243; custom_padding=&#8220;|||&#8220; global_colors_info=&#8220;{}&#8220; custom_padding__hover=&#8220;|||&#8220;][et_pb_text _builder_version=&#8220;4.27.4&#8243; background_size=&#8220;initial&#8220; background_position=&#8220;top_left&#8220; background_repeat=&#8220;repeat&#8220; hover_enabled=&#8220;0&#8243; global_colors_info=&#8220;{}&#8220; sticky_enabled=&#8220;0&#8243;]<\/p>\n<h1>Impressum<\/h1>\n<p>Angaben gem\u00e4\u00df \u00a7 5 TMG:<\/p>\n<h2>Prof. Dr. J\u00fcrgen Kromphardt<\/h2>\n<p>Institut Volkswirtschaft &amp; Wirtschaftsrecht<br \/>Fakult\u00e4t VII<br \/>Sekr. H52<br \/>Stra\u00dfe des 17. Juni 135<br \/>D 10623 Berlin<\/p>\n<p>Telefon:+49-(0)30-314-22398<br \/>E-Mail: juergen.kromphardt(at)tu-berlin.de<br \/>Internet: wiso-data.de\/kromphardt\/<\/p>\n<p>&nbsp;<\/p>\n<p>&nbsp;<\/p>\n<p>[\/et_pb_text][\/et_pb_column][\/et_pb_row][\/et_pb_section]<\/p>\n","protected":false},"excerpt":{"rendered":"<p>Impressum Angaben gem\u00e4\u00df \u00a7 5 TMG: Prof. Dr. J\u00fcrgen Kromphardt Institut Volkswirtschaft &amp; WirtschaftsrechtFakult\u00e4t VIISekr. H52Stra\u00dfe des 17. Juni 135D 10623 Berlin Telefon:+49-(0)30-314-22398E-Mail: juergen.kromphardt(at)tu-berlin.deInternet: wiso-data.de\/kromphardt\/ &nbsp; &nbsp;<\/p>\n","protected":false},"author":1,"featured_media":0,"parent":0,"menu_order":10,"comment_status":"closed","ping_status":"closed","template":"","meta":{"_et_pb_use_builder":"on","_et_pb_old_content":"","_et_gb_content_width":"","footnotes":""},"dipi_cpt_category":[],"class_list":["post-41","page","type-page","status-publish","hentry"],"yoast_head":"<!-- This site is optimized with the Yoast SEO plugin v26.3 - https:\/\/yoast.com\/wordpress\/plugins\/seo\/ -->\n<title>Impressum - Prof.Dr. J\u00fcrgen Kromphardt<\/title>\n<meta name=\"robots\" content=\"index, follow, max-snippet:-1, max-image-preview:large, max-video-preview:-1\" \/>\n<link rel=\"canonical\" href=\"https:\/\/wiso-data.de\/kromphardt\/impressum\/\" \/>\n<meta property=\"og:locale\" content=\"de_DE\" \/>\n<meta property=\"og:type\" content=\"article\" \/>\n<meta property=\"og:title\" content=\"Impressum - Prof.Dr. J\u00fcrgen Kromphardt\" \/>\n<meta property=\"og:description\" content=\"Impressum Angaben gem\u00e4\u00df \u00a7 5 TMG: Prof. Dr. J\u00fcrgen Kromphardt Institut Volkswirtschaft &amp; WirtschaftsrechtFakult\u00e4t VIISekr. H52Stra\u00dfe des 17. Juni 135D 10623 Berlin Telefon:+49-(0)30-314-22398E-Mail: juergen.kromphardt(at)tu-berlin.deInternet: wiso-data.de\/kromphardt\/ &nbsp; &nbsp;\" \/>\n<meta property=\"og:url\" content=\"https:\/\/wiso-data.de\/kromphardt\/impressum\/\" \/>\n<meta property=\"og:site_name\" content=\"Prof.Dr. J\u00fcrgen Kromphardt\" \/>\n<meta property=\"article:modified_time\" content=\"2025-11-18T10:45:03+00:00\" \/>\n<meta name=\"twitter:card\" content=\"summary_large_image\" \/>\n<meta name=\"twitter:label1\" content=\"Gesch\u00e4tzte Lesezeit\" \/>\n\t<meta name=\"twitter:data1\" content=\"2\u00a0Minuten\" \/>\n<script type=\"application\/ld+json\" class=\"yoast-schema-graph\">{\"@context\":\"https:\/\/schema.org\",\"@graph\":[{\"@type\":\"WebPage\",\"@id\":\"https:\/\/wiso-data.de\/kromphardt\/impressum\/\",\"url\":\"https:\/\/wiso-data.de\/kromphardt\/impressum\/\",\"name\":\"Impressum - Prof.Dr. J\u00fcrgen Kromphardt\",\"isPartOf\":{\"@id\":\"https:\/\/wiso-data.de\/kromphardt\/#website\"},\"datePublished\":\"2019-01-08T09:44:41+00:00\",\"dateModified\":\"2025-11-18T10:45:03+00:00\",\"breadcrumb\":{\"@id\":\"https:\/\/wiso-data.de\/kromphardt\/impressum\/#breadcrumb\"},\"inLanguage\":\"de\",\"potentialAction\":[{\"@type\":\"ReadAction\",\"target\":[\"https:\/\/wiso-data.de\/kromphardt\/impressum\/\"]}]},{\"@type\":\"BreadcrumbList\",\"@id\":\"https:\/\/wiso-data.de\/kromphardt\/impressum\/#breadcrumb\",\"itemListElement\":[{\"@type\":\"ListItem\",\"position\":1,\"name\":\"Startseite\",\"item\":\"https:\/\/wiso-data.de\/kromphardt\/\"},{\"@type\":\"ListItem\",\"position\":2,\"name\":\"Impressum\"}]},{\"@type\":\"WebSite\",\"@id\":\"https:\/\/wiso-data.de\/kromphardt\/#website\",\"url\":\"https:\/\/wiso-data.de\/kromphardt\/\",\"name\":\"Prof.Dr. J\u00fcrgen Kromphardt\",\"description\":\"\",\"potentialAction\":[{\"@type\":\"SearchAction\",\"target\":{\"@type\":\"EntryPoint\",\"urlTemplate\":\"https:\/\/wiso-data.de\/kromphardt\/?s={search_term_string}\"},\"query-input\":{\"@type\":\"PropertyValueSpecification\",\"valueRequired\":true,\"valueName\":\"search_term_string\"}}],\"inLanguage\":\"de\"}]}<\/script>\n<!-- \/ Yoast SEO plugin. -->","yoast_head_json":{"title":"Impressum - Prof.Dr. J\u00fcrgen Kromphardt","robots":{"index":"index","follow":"follow","max-snippet":"max-snippet:-1","max-image-preview":"max-image-preview:large","max-video-preview":"max-video-preview:-1"},"canonical":"https:\/\/wiso-data.de\/kromphardt\/impressum\/","og_locale":"de_DE","og_type":"article","og_title":"Impressum - Prof.Dr. J\u00fcrgen Kromphardt","og_description":"Impressum Angaben gem\u00e4\u00df \u00a7 5 TMG: Prof. Dr. J\u00fcrgen Kromphardt Institut Volkswirtschaft &amp; WirtschaftsrechtFakult\u00e4t VIISekr. H52Stra\u00dfe des 17. Juni 135D 10623 Berlin Telefon:+49-(0)30-314-22398E-Mail: juergen.kromphardt(at)tu-berlin.deInternet: wiso-data.de\/kromphardt\/ &nbsp; &nbsp;","og_url":"https:\/\/wiso-data.de\/kromphardt\/impressum\/","og_site_name":"Prof.Dr. J\u00fcrgen Kromphardt","article_modified_time":"2025-11-18T10:45:03+00:00","twitter_card":"summary_large_image","twitter_misc":{"Gesch\u00e4tzte Lesezeit":"2\u00a0Minuten"},"schema":{"@context":"https:\/\/schema.org","@graph":[{"@type":"WebPage","@id":"https:\/\/wiso-data.de\/kromphardt\/impressum\/","url":"https:\/\/wiso-data.de\/kromphardt\/impressum\/","name":"Impressum - Prof.Dr. J\u00fcrgen Kromphardt","isPartOf":{"@id":"https:\/\/wiso-data.de\/kromphardt\/#website"},"datePublished":"2019-01-08T09:44:41+00:00","dateModified":"2025-11-18T10:45:03+00:00","breadcrumb":{"@id":"https:\/\/wiso-data.de\/kromphardt\/impressum\/#breadcrumb"},"inLanguage":"de","potentialAction":[{"@type":"ReadAction","target":["https:\/\/wiso-data.de\/kromphardt\/impressum\/"]}]},{"@type":"BreadcrumbList","@id":"https:\/\/wiso-data.de\/kromphardt\/impressum\/#breadcrumb","itemListElement":[{"@type":"ListItem","position":1,"name":"Startseite","item":"https:\/\/wiso-data.de\/kromphardt\/"},{"@type":"ListItem","position":2,"name":"Impressum"}]},{"@type":"WebSite","@id":"https:\/\/wiso-data.de\/kromphardt\/#website","url":"https:\/\/wiso-data.de\/kromphardt\/","name":"Prof.Dr. J\u00fcrgen Kromphardt","description":"","potentialAction":[{"@type":"SearchAction","target":{"@type":"EntryPoint","urlTemplate":"https:\/\/wiso-data.de\/kromphardt\/?s={search_term_string}"},"query-input":{"@type":"PropertyValueSpecification","valueRequired":true,"valueName":"search_term_string"}}],"inLanguage":"de"}]}},"_links":{"self":[{"href":"https:\/\/wiso-data.de\/kromphardt\/wp-json\/wp\/v2\/pages\/41","targetHints":{"allow":["GET"]}}],"collection":[{"href":"https:\/\/wiso-data.de\/kromphardt\/wp-json\/wp\/v2\/pages"}],"about":[{"href":"https:\/\/wiso-data.de\/kromphardt\/wp-json\/wp\/v2\/types\/page"}],"author":[{"embeddable":true,"href":"https:\/\/wiso-data.de\/kromphardt\/wp-json\/wp\/v2\/users\/1"}],"replies":[{"embeddable":true,"href":"https:\/\/wiso-data.de\/kromphardt\/wp-json\/wp\/v2\/comments?post=41"}],"version-history":[{"count":2,"href":"https:\/\/wiso-data.de\/kromphardt\/wp-json\/wp\/v2\/pages\/41\/revisions"}],"predecessor-version":[{"id":222,"href":"https:\/\/wiso-data.de\/kromphardt\/wp-json\/wp\/v2\/pages\/41\/revisions\/222"}],"wp:attachment":[{"href":"https:\/\/wiso-data.de\/kromphardt\/wp-json\/wp\/v2\/media?parent=41"}],"wp:term":[{"taxonomy":"dipi_cpt_category","embeddable":true,"href":"https:\/\/wiso-data.de\/kromphardt\/wp-json\/wp\/v2\/dipi_cpt_category?post=41"}],"curies":[{"name":"wp","href":"https:\/\/api.w.org\/{rel}","templated":true}]}}