{"id":39,"date":"2019-01-08T10:43:46","date_gmt":"2019-01-08T09:43:46","guid":{"rendered":"http:\/\/kromphardt.de\/?page_id=39"},"modified":"2025-11-18T11:42:38","modified_gmt":"2025-11-18T10:42:38","slug":"kontakt","status":"publish","type":"page","link":"https:\/\/wiso-data.de\/kromphardt\/kontakt\/","title":{"rendered":"Kontakt"},"content":{"rendered":"<p>[et_pb_section fb_built=&#8220;1&#8243; fullwidth=&#8220;on&#8220; _builder_version=&#8220;4.27.4&#8243; background_enable_color=&#8220;off&#8220; global_colors_info=&#8220;{}&#8220; locked=&#8220;off&#8220;][et_pb_fullwidth_image src=&#8220;https:\/\/wiso-data.de\/kromphardt\/wp-content\/uploads\/2025\/11\/Banner1-1280.x100.jpg&#8220; title_text=&#8220;Banner1-1280.x100&#8243; _builder_version=&#8220;4.27.4&#8243; _module_preset=&#8220;default&#8220; global_colors_info=&#8220;{}&#8220;][\/et_pb_fullwidth_image][\/et_pb_section][et_pb_section fb_built=&#8220;1&#8243; _builder_version=&#8220;4.16&#8243; global_colors_info=&#8220;{}&#8220;][et_pb_row _builder_version=&#8220;4.16&#8243; background_size=&#8220;initial&#8220; background_position=&#8220;top_left&#8220; background_repeat=&#8220;repeat&#8220; global_colors_info=&#8220;{}&#8220;][et_pb_column type=&#8220;4_4&#8243; _builder_version=&#8220;4.16&#8243; custom_padding=&#8220;|||&#8220; global_colors_info=&#8220;{}&#8220; custom_padding__hover=&#8220;|||&#8220;][et_pb_text _builder_version=&#8220;4.16&#8243; global_colors_info=&#8220;{}&#8220;]<\/p>\n<h1>Kontakt<\/h1>\n<p>Prof. Dr. J\u00fcrgen Kromphardt<br \/>Institut Volkswirtschaft &amp; Wirtschaftsrecht<br \/>Fakult\u00e4t VII<br \/>Sekr. H52<br \/>Raum H 5116<br \/>Stra\u00dfe des 17. Juni 135<br \/>D 10623 Berlin<\/p>\n<p>Telefon:+49-(0)30-314-22398<br \/>E-Mail: juergen.kromphardt(at)tu-berlin.de<br \/>Internet: kromphardt.de<\/p>\n<p>[\/et_pb_text][\/et_pb_column][\/et_pb_row][\/et_pb_section]<\/p>\n","protected":false},"excerpt":{"rendered":"<p>KontaktProf. Dr. J\u00fcrgen KromphardtInstitut Volkswirtschaft &amp; WirtschaftsrechtFakult\u00e4t VIISekr. H52Raum H 5116Stra\u00dfe des 17. Juni 135D 10623 BerlinTelefon:+49-(0)30-314-22398E-Mail: juergen.kromphardt(at)tu-berlin.deInternet: kromphardt.de<\/p>\n","protected":false},"author":1,"featured_media":0,"parent":0,"menu_order":5,"comment_status":"closed","ping_status":"closed","template":"","meta":{"_et_pb_use_builder":"on","_et_pb_old_content":"","_et_gb_content_width":"","footnotes":""},"dipi_cpt_category":[],"class_list":["post-39","page","type-page","status-publish","hentry"],"yoast_head":"<!-- This site is optimized with the Yoast SEO plugin v26.3 - https:\/\/yoast.com\/wordpress\/plugins\/seo\/ -->\n<title>Kontakt - Prof.Dr. J\u00fcrgen Kromphardt<\/title>\n<meta name=\"robots\" content=\"index, follow, max-snippet:-1, max-image-preview:large, max-video-preview:-1\" \/>\n<link rel=\"canonical\" href=\"https:\/\/wiso-data.de\/kromphardt\/kontakt\/\" \/>\n<meta property=\"og:locale\" content=\"de_DE\" \/>\n<meta property=\"og:type\" content=\"article\" \/>\n<meta property=\"og:title\" content=\"Kontakt - Prof.Dr. J\u00fcrgen Kromphardt\" \/>\n<meta property=\"og:description\" content=\"KontaktProf. Dr. J\u00fcrgen KromphardtInstitut Volkswirtschaft &amp; WirtschaftsrechtFakult\u00e4t VIISekr. H52Raum H 5116Stra\u00dfe des 17. Juni 135D 10623 BerlinTelefon:+49-(0)30-314-22398E-Mail: juergen.kromphardt(at)tu-berlin.deInternet: kromphardt.de\" \/>\n<meta property=\"og:url\" content=\"https:\/\/wiso-data.de\/kromphardt\/kontakt\/\" \/>\n<meta property=\"og:site_name\" content=\"Prof.Dr. J\u00fcrgen Kromphardt\" \/>\n<meta property=\"article:modified_time\" content=\"2025-11-18T10:42:38+00:00\" \/>\n<meta name=\"twitter:card\" content=\"summary_large_image\" \/>\n<meta name=\"twitter:label1\" content=\"Gesch\u00e4tzte Lesezeit\" \/>\n\t<meta name=\"twitter:data1\" content=\"1\u00a0Minute\" \/>\n<script type=\"application\/ld+json\" class=\"yoast-schema-graph\">{\"@context\":\"https:\/\/schema.org\",\"@graph\":[{\"@type\":\"WebPage\",\"@id\":\"https:\/\/wiso-data.de\/kromphardt\/kontakt\/\",\"url\":\"https:\/\/wiso-data.de\/kromphardt\/kontakt\/\",\"name\":\"Kontakt - Prof.Dr. J\u00fcrgen Kromphardt\",\"isPartOf\":{\"@id\":\"https:\/\/wiso-data.de\/kromphardt\/#website\"},\"datePublished\":\"2019-01-08T09:43:46+00:00\",\"dateModified\":\"2025-11-18T10:42:38+00:00\",\"breadcrumb\":{\"@id\":\"https:\/\/wiso-data.de\/kromphardt\/kontakt\/#breadcrumb\"},\"inLanguage\":\"de\",\"potentialAction\":[{\"@type\":\"ReadAction\",\"target\":[\"https:\/\/wiso-data.de\/kromphardt\/kontakt\/\"]}]},{\"@type\":\"BreadcrumbList\",\"@id\":\"https:\/\/wiso-data.de\/kromphardt\/kontakt\/#breadcrumb\",\"itemListElement\":[{\"@type\":\"ListItem\",\"position\":1,\"name\":\"Startseite\",\"item\":\"https:\/\/wiso-data.de\/kromphardt\/\"},{\"@type\":\"ListItem\",\"position\":2,\"name\":\"Kontakt\"}]},{\"@type\":\"WebSite\",\"@id\":\"https:\/\/wiso-data.de\/kromphardt\/#website\",\"url\":\"https:\/\/wiso-data.de\/kromphardt\/\",\"name\":\"Prof.Dr. J\u00fcrgen Kromphardt\",\"description\":\"\",\"potentialAction\":[{\"@type\":\"SearchAction\",\"target\":{\"@type\":\"EntryPoint\",\"urlTemplate\":\"https:\/\/wiso-data.de\/kromphardt\/?s={search_term_string}\"},\"query-input\":{\"@type\":\"PropertyValueSpecification\",\"valueRequired\":true,\"valueName\":\"search_term_string\"}}],\"inLanguage\":\"de\"}]}<\/script>\n<!-- \/ Yoast SEO plugin. -->","yoast_head_json":{"title":"Kontakt - Prof.Dr. J\u00fcrgen Kromphardt","robots":{"index":"index","follow":"follow","max-snippet":"max-snippet:-1","max-image-preview":"max-image-preview:large","max-video-preview":"max-video-preview:-1"},"canonical":"https:\/\/wiso-data.de\/kromphardt\/kontakt\/","og_locale":"de_DE","og_type":"article","og_title":"Kontakt - Prof.Dr. J\u00fcrgen Kromphardt","og_description":"KontaktProf. Dr. J\u00fcrgen KromphardtInstitut Volkswirtschaft &amp; WirtschaftsrechtFakult\u00e4t VIISekr. H52Raum H 5116Stra\u00dfe des 17. Juni 135D 10623 BerlinTelefon:+49-(0)30-314-22398E-Mail: juergen.kromphardt(at)tu-berlin.deInternet: kromphardt.de","og_url":"https:\/\/wiso-data.de\/kromphardt\/kontakt\/","og_site_name":"Prof.Dr. J\u00fcrgen Kromphardt","article_modified_time":"2025-11-18T10:42:38+00:00","twitter_card":"summary_large_image","twitter_misc":{"Gesch\u00e4tzte Lesezeit":"1\u00a0Minute"},"schema":{"@context":"https:\/\/schema.org","@graph":[{"@type":"WebPage","@id":"https:\/\/wiso-data.de\/kromphardt\/kontakt\/","url":"https:\/\/wiso-data.de\/kromphardt\/kontakt\/","name":"Kontakt - Prof.Dr. J\u00fcrgen Kromphardt","isPartOf":{"@id":"https:\/\/wiso-data.de\/kromphardt\/#website"},"datePublished":"2019-01-08T09:43:46+00:00","dateModified":"2025-11-18T10:42:38+00:00","breadcrumb":{"@id":"https:\/\/wiso-data.de\/kromphardt\/kontakt\/#breadcrumb"},"inLanguage":"de","potentialAction":[{"@type":"ReadAction","target":["https:\/\/wiso-data.de\/kromphardt\/kontakt\/"]}]},{"@type":"BreadcrumbList","@id":"https:\/\/wiso-data.de\/kromphardt\/kontakt\/#breadcrumb","itemListElement":[{"@type":"ListItem","position":1,"name":"Startseite","item":"https:\/\/wiso-data.de\/kromphardt\/"},{"@type":"ListItem","position":2,"name":"Kontakt"}]},{"@type":"WebSite","@id":"https:\/\/wiso-data.de\/kromphardt\/#website","url":"https:\/\/wiso-data.de\/kromphardt\/","name":"Prof.Dr. J\u00fcrgen Kromphardt","description":"","potentialAction":[{"@type":"SearchAction","target":{"@type":"EntryPoint","urlTemplate":"https:\/\/wiso-data.de\/kromphardt\/?s={search_term_string}"},"query-input":{"@type":"PropertyValueSpecification","valueRequired":true,"valueName":"search_term_string"}}],"inLanguage":"de"}]}},"_links":{"self":[{"href":"https:\/\/wiso-data.de\/kromphardt\/wp-json\/wp\/v2\/pages\/39","targetHints":{"allow":["GET"]}}],"collection":[{"href":"https:\/\/wiso-data.de\/kromphardt\/wp-json\/wp\/v2\/pages"}],"about":[{"href":"https:\/\/wiso-data.de\/kromphardt\/wp-json\/wp\/v2\/types\/page"}],"author":[{"embeddable":true,"href":"https:\/\/wiso-data.de\/kromphardt\/wp-json\/wp\/v2\/users\/1"}],"replies":[{"embeddable":true,"href":"https:\/\/wiso-data.de\/kromphardt\/wp-json\/wp\/v2\/comments?post=39"}],"version-history":[{"count":2,"href":"https:\/\/wiso-data.de\/kromphardt\/wp-json\/wp\/v2\/pages\/39\/revisions"}],"predecessor-version":[{"id":214,"href":"https:\/\/wiso-data.de\/kromphardt\/wp-json\/wp\/v2\/pages\/39\/revisions\/214"}],"wp:attachment":[{"href":"https:\/\/wiso-data.de\/kromphardt\/wp-json\/wp\/v2\/media?parent=39"}],"wp:term":[{"taxonomy":"dipi_cpt_category","embeddable":true,"href":"https:\/\/wiso-data.de\/kromphardt\/wp-json\/wp\/v2\/dipi_cpt_category?post=39"}],"curies":[{"name":"wp","href":"https:\/\/api.w.org\/{rel}","templated":true}]}}