{"id":6,"date":"2018-08-17T16:28:19","date_gmt":"2018-08-17T14:28:19","guid":{"rendered":"https:\/\/wiso-data.de\/echo-kamerun\/?page_id=6"},"modified":"2024-04-12T17:27:12","modified_gmt":"2024-04-12T15:27:12","slug":"echo-kamerun","status":"publish","type":"page","link":"https:\/\/wiso-data.de\/echo-kamerun\/","title":{"rendered":"Echo Kamerun"},"content":{"rendered":"<p>[et_pb_section fb_built=&#8220;1&#8243; fullwidth=&#8220;on&#8220; disabled_on=&#8220;on|on|on&#8220; _builder_version=&#8220;4.16&#8243; disabled=&#8220;on&#8220; global_colors_info=&#8220;{}&#8220;][\/et_pb_section][et_pb_section fb_built=&#8220;1&#8243; fullwidth=&#8220;on&#8220; disabled_on=&#8220;on|off|&#8220; _builder_version=&#8220;4.17.4&#8243; global_colors_info=&#8220;{}&#8220;][et_pb_fullwidth_image src=&#8220;https:\/\/wiso-data.de\/echo-kamerun\/wp-content\/uploads\/2018\/11\/Echoorange10.jpg&#8220; admin_label=&#8220;Volle Breite des Bildes desktop und tablet&#8220; _builder_version=&#8220;4.16&#8243; global_colors_info=&#8220;{}&#8220;][\/et_pb_fullwidth_image][\/et_pb_section][et_pb_section fb_built=&#8220;1&#8243; fullwidth=&#8220;on&#8220; disabled_on=&#8220;off|on|on&#8220; _builder_version=&#8220;4.16&#8243; global_colors_info=&#8220;{}&#8220;][et_pb_fullwidth_image src=&#8220;https:\/\/wiso-data.de\/echo-kamerun\/wp-content\/uploads\/2021\/08\/Christophe_LR_COL.jpg&#8220; title_text=&#8220;Christophe_LR_COL&#8220; src_tablet=&#8220;&#8220; src_phone=&#8220;&#8220; src_last_edited=&#8220;on|desktop&#8220; admin_label=&#8220;mobile&#8220; _builder_version=&#8220;4.16&#8243; custom_padding=&#8220;5vw||||false|false&#8220; custom_padding_tablet=&#8220;&#8220; custom_padding_phone=&#8220;&#8220; custom_padding_last_edited=&#8220;on|phone&#8220; global_colors_info=&#8220;{}&#8220;][\/et_pb_fullwidth_image][\/et_pb_section][et_pb_section fb_built=&#8220;1&#8243; disabled_on=&#8220;on||&#8220; admin_label=&#8220;Featured Recipe Section&#8220; _builder_version=&#8220;4.16&#8243; background_image=&#8220;https:\/\/wiso-data.de\/echo-kamerun\/wp-content\/uploads\/2021\/08\/Christophe_LR_COL.jpg&#8220; custom_padding=&#8220;28vw|0px|90px|0px|false|false&#8220; global_colors_info=&#8220;{}&#8220;][et_pb_row column_structure=&#8220;1_3,2_3&#8243; _builder_version=&#8220;4.16&#8243; custom_margin=&#8220;|||&#8220; custom_padding=&#8220;||10vw||false|false&#8220; animation_style=&#8220;fade&#8220; global_colors_info=&#8220;{}&#8220;][et_pb_column type=&#8220;1_3&#8243; _builder_version=&#8220;4.16&#8243; background_color=&#8220;#ffffff&#8220; custom_padding=&#8220;30px|45px|30px|45px&#8220; global_colors_info=&#8220;{}&#8220; custom_padding__hover=&#8220;|||&#8220;][et_pb_text admin_label=&#8220;Text desktop und tablett&#8220; _builder_version=&#8220;4.16&#8243; text_font=&#8220;|500|||||||&#8220; text_text_color=&#8220;#666666&#8243; custom_margin=&#8220;||||false|false&#8220; custom_padding=&#8220;||||false|false&#8220; animation_style=&#8220;fade&#8220; global_colors_info=&#8220;{}&#8220;]<\/p>\n<div>\n<div>\n<p>Christophe, 2017 von <strong>\u201eBessere Zukunft\u201c<\/strong> eingeschult.<\/p>\n<p>Spendenkonto:<br \/><strong>DE76160500003651035440<\/strong><\/p>\n<\/div>\n<\/div>\n<p>[\/et_pb_text][\/et_pb_column][et_pb_column type=&#8220;2_3&#8243; _builder_version=&#8220;4.16&#8243; custom_padding=&#8220;|||&#8220; custom_padding_tablet=&#8220;&#8220; custom_padding_phone=&#8220;30px|30px|30px|30px&#8220; custom_padding_last_edited=&#8220;on|desktop&#8220; global_colors_info=&#8220;{}&#8220; custom_padding__hover=&#8220;|||&#8220;][\/et_pb_column][\/et_pb_row][\/et_pb_section][et_pb_section fb_built=&#8220;1&#8243; disabled_on=&#8220;on||&#8220; admin_label=&#8220;Meal Plans&#8220; _builder_version=&#8220;4.16&#8243; background_color=&#8220;#ffffff&#8220; background_size=&#8220;initial&#8220; custom_margin=&#8220;|||&#8220; custom_padding=&#8220;0px|0px|0px|0px&#8220; global_colors_info=&#8220;{}&#8220;][et_pb_row _builder_version=&#8220;4.16&#8243; global_colors_info=&#8220;{}&#8220;][et_pb_column type=&#8220;4_4&#8243; _builder_version=&#8220;4.16&#8243; custom_padding=&#8220;|||&#8220; global_colors_info=&#8220;{}&#8220; custom_padding__hover=&#8220;|||&#8220;][et_pb_cta title=&#8220;Echo Kamerun &#8220; button_url=&#8220;https:\/\/wiso-data.de\/echo-kamerun\/wir-ueber-uns\/echo-kamerun-e-v\/&#8220; button_text=&#8220;Weitere Infos&#8220; admin_label=&#8220;Handlungsaufruf Desktop undTablet&#8220; _builder_version=&#8220;4.24.0&#8243; header_font_size=&#8220;50px&#8220; header_line_height=&#8220;1.4em&#8220; body_font_size=&#8220;16&#8243; body_line_height=&#8220;1.8em&#8220; background_color=&#8220;#ffffff&#8220; custom_button=&#8220;on&#8220; button_text_size=&#8220;14px&#8220; button_text_color=&#8220;#ffffff&#8220; button_bg_color=&#8220;#ff7864&#8243; button_border_width=&#8220;8px&#8220; button_border_color=&#8220;#ff7864&#8243; button_border_radius=&#8220;0px&#8220; button_font=&#8220;Montserrat|||on|||||&#8220; button_use_icon=&#8220;off&#8220; background_layout=&#8220;light&#8220; custom_padding=&#8220;40px||40px|&#8220; custom_padding_tablet=&#8220;&#8220; custom_padding_phone=&#8220;&#8220; custom_padding_last_edited=&#8220;on|desktop&#8220; animation_direction=&#8220;bottom&#8220; hover_enabled=&#8220;0&#8243; header_font_size_tablet=&#8220;&#8220; header_font_size_phone=&#8220;32px&#8220; header_font_size_last_edited=&#8220;on|desktop&#8220; body_font_size_tablet=&#8220;&#8220; body_font_size_phone=&#8220;&#8220; body_font_size_last_edited=&#8220;on|desktop&#8220; button_text_shadow_style=&#8220;preset1&#8243; box_shadow_style_button=&#8220;preset1&#8243; global_colors_info=&#8220;{}&#8220; button_text_size__hover_enabled=&#8220;off&#8220; button_text_size__hover=&#8220;null&#8220; button_one_text_size__hover_enabled=&#8220;off&#8220; button_one_text_size__hover=&#8220;null&#8220; button_two_text_size__hover_enabled=&#8220;off&#8220; button_two_text_size__hover=&#8220;null&#8220; button_text_color__hover_enabled=&#8220;off&#8220; button_text_color__hover=&#8220;null&#8220; button_one_text_color__hover_enabled=&#8220;off&#8220; button_one_text_color__hover=&#8220;null&#8220; button_two_text_color__hover_enabled=&#8220;off&#8220; button_two_text_color__hover=&#8220;null&#8220; button_border_width__hover_enabled=&#8220;off&#8220; button_border_width__hover=&#8220;null&#8220; button_one_border_width__hover_enabled=&#8220;off&#8220; button_one_border_width__hover=&#8220;null&#8220; button_two_border_width__hover_enabled=&#8220;off&#8220; button_two_border_width__hover=&#8220;null&#8220; button_border_color__hover_enabled=&#8220;off&#8220; button_border_color__hover=&#8220;null&#8220; button_one_border_color__hover_enabled=&#8220;off&#8220; button_one_border_color__hover=&#8220;null&#8220; button_two_border_color__hover_enabled=&#8220;off&#8220; button_two_border_color__hover=&#8220;null&#8220; button_border_radius__hover_enabled=&#8220;off&#8220; button_border_radius__hover=&#8220;null&#8220; button_one_border_radius__hover_enabled=&#8220;off&#8220; button_one_border_radius__hover=&#8220;null&#8220; button_two_border_radius__hover_enabled=&#8220;off&#8220; button_two_border_radius__hover=&#8220;null&#8220; button_letter_spacing__hover_enabled=&#8220;off&#8220; button_letter_spacing__hover=&#8220;null&#8220; button_one_letter_spacing__hover_enabled=&#8220;off&#8220; button_one_letter_spacing__hover=&#8220;null&#8220; button_two_letter_spacing__hover_enabled=&#8220;off&#8220; button_two_letter_spacing__hover=&#8220;null&#8220; button_bg_color__hover_enabled=&#8220;off&#8220; button_bg_color__hover=&#8220;null&#8220; button_one_bg_color__hover_enabled=&#8220;off&#8220; button_one_bg_color__hover=&#8220;null&#8220; button_two_bg_color__hover_enabled=&#8220;off&#8220; button_two_bg_color__hover=&#8220;null&#8220; sticky_enabled=&#8220;0&#8243;]<\/p>\n<p>Echo Kamerun wurde im Jahr 2007 in Bad Belzig (Brandenburg) gegr\u00fcndet und hat sich einer Entwicklungszusammenarbeit auf Augenh\u00f6he verschrieben, im Glauben, dass beide Seiten zu geben und zu empfangen haben.<\/p>\n<p>Die Partnerschaft basiert auf Kontakten zwischen Bad Belzig und Kribi, einer Stadt in Kamerun an der Atlantikk\u00fcste.<\/p>\n<p>[\/et_pb_cta][\/et_pb_column][\/et_pb_row][\/et_pb_section][et_pb_section fb_built=&#8220;1&#8243; custom_padding_last_edited=&#8220;on|phone&#8220; disabled_on=&#8220;|on|on&#8220; admin_label=&#8220;Featured Recipe Section&#8220; _builder_version=&#8220;4.16&#8243; custom_padding=&#8220;90px|0px|90px|0px&#8220; custom_padding_tablet=&#8220;&#8220; custom_padding_phone=&#8220;0px||0px||false|false&#8220; global_colors_info=&#8220;{}&#8220;][et_pb_row module_class=&#8220; et_pb_row_fullwidth&#8220; _builder_version=&#8220;4.16&#8243; width=&#8220;89%&#8220; width_tablet=&#8220;80%&#8220; width_phone=&#8220;&#8220; width_last_edited=&#8220;on|desktop&#8220; max_width=&#8220;89%&#8220; max_width_tablet=&#8220;80%&#8220; max_width_phone=&#8220;&#8220; max_width_last_edited=&#8220;on|desktop&#8220; custom_margin=&#8220;|||&#8220; custom_padding=&#8220;|||&#8220; animation_style=&#8220;fade&#8220; make_fullwidth=&#8220;on&#8220; global_colors_info=&#8220;{}&#8220;][et_pb_column type=&#8220;4_4&#8243; _builder_version=&#8220;4.16&#8243; background_color=&#8220;#ffffff&#8220; custom_padding=&#8220;30px|45px|30px|45px&#8220; global_colors_info=&#8220;{}&#8220; custom_padding__hover=&#8220;|||&#8220;][et_pb_text _builder_version=&#8220;4.16&#8243; header_2_font=&#8220;|600|||||||&#8220; header_2_text_color=&#8220;#666666&#8243; header_2_font_size=&#8220;36px&#8220; header_2_line_height=&#8220;1.3em&#8220; animation_style=&#8220;fade&#8220; header_2_font_tablet=&#8220;&#8220; header_2_font_phone=&#8220;||||||||&#8220; header_2_font_last_edited=&#8220;on|phone&#8220; header_2_font_size_tablet=&#8220;&#8220; header_2_font_size_phone=&#8220;24px&#8220; header_2_font_size_last_edited=&#8220;on|phone&#8220; global_colors_info=&#8220;{}&#8220;]<\/p>\n<h2>Echo Kamerun<\/h2>\n<p>[\/et_pb_text][et_pb_image src=&#8220;https:\/\/wiso-data.de\/echo-kamerun\/wp-content\/uploads\/2020\/06\/Alex_LR_COL.jpg&#8220; align_tablet=&#8220;center&#8220; align_phone=&#8220;&#8220; align_last_edited=&#8220;on|desktop&#8220; _builder_version=&#8220;4.16&#8243; global_colors_info=&#8220;{}&#8220;][\/et_pb_image][et_pb_text admin_label=&#8220;Text mobil&#8220; _builder_version=&#8220;4.20.4&#8243; text_font=&#8220;|500|||||||&#8220; text_text_color=&#8220;#1e1e1e&#8220; animation_style=&#8220;fade&#8220; global_colors_info=&#8220;{}&#8220;]<\/p>\n<p>Alex, 2017 von &#8222;Bessere Zukunft&#8220; eingeschult.<\/p>\n<p>Bitte spenden<br \/><strong>DE76160500003651035440<\/strong><\/p>\n<p>[\/et_pb_text][\/et_pb_column][\/et_pb_row][\/et_pb_section][et_pb_section fb_built=&#8220;1&#8243; admin_label=&#8220;Featured Recipe Section&#8220; _builder_version=&#8220;4.16&#8243; background_color=&#8220;#efefef&#8220; custom_padding=&#8220;90px|0px|90px|0px&#8220; global_colors_info=&#8220;{}&#8220;][et_pb_row _builder_version=&#8220;4.16&#8243; background_color=&#8220;#ffffff&#8220; module_alignment=&#8220;center&#8220; custom_padding=&#8220;20px|20px|20px|20px&#8220; global_colors_info=&#8220;{}&#8220;][et_pb_column type=&#8220;4_4&#8243; _builder_version=&#8220;4.16&#8243; custom_padding=&#8220;|||&#8220; global_colors_info=&#8220;{}&#8220; custom_padding__hover=&#8220;|||&#8220;][et_pb_divider color=&#8220;#cccccc&#8220; divider_weight=&#8220;2px&#8220; _builder_version=&#8220;4.16&#8243; max_width=&#8220;80px&#8220; max_width_tablet=&#8220;100px&#8220; max_width_last_edited=&#8220;off|desktop&#8220; module_alignment=&#8220;center&#8220; animation_style=&#8220;fade&#8220; global_colors_info=&#8220;{}&#8220;][\/et_pb_divider][et_pb_text admin_label=&#8220;Bessere Zukunft \u2013 Lendemain meilleur&#8220; _builder_version=&#8220;4.24.0&#8243; text_font=&#8220;|500|||||||&#8220; text_text_color=&#8220;#666666&#8243; header_2_font=&#8220;|600|||||||&#8220; header_2_font_size=&#8220;28px&#8220; header_3_text_color=&#8220;#666666&#8243; animation_style=&#8220;fade&#8220; hover_enabled=&#8220;0&#8243; text_font_size_last_edited=&#8220;off|desktop&#8220; header_2_font_size_tablet=&#8220;&#8220; header_2_font_size_phone=&#8220;20px&#8220; header_2_font_size_last_edited=&#8220;on|desktop&#8220; global_colors_info=&#8220;{}&#8220; sticky_enabled=&#8220;0&#8243;]<\/p>\n<h2 style=\"text-align: center;\"><span>Bessere Zukunft \u2013 Lendemain meilleur<\/span><\/h2>\n<p style=\"text-align: center;\"><span><\/span><\/p>\n<p style=\"text-align: center;\"><span>Echo Kamerun e.V. und der Verein Lendemain Meilleur schicken seit 2017 mittellose Kinder in Kribi in die Schule.<br \/>21 Kinder nehmen teil.<\/span><\/p>\n<p style=\"text-align: center;\">Die Einschulungsquote betr\u00e4gt in Kamerun 79 Prozent, was f\u00fcr afrikanische Verh\u00e4ltnisse hoch ist. Der Schulbesuch an staatlichen Grundschulen ist kostenlos. Schulmaterial, Uniformen und Pausenverpflegung m\u00fcssen von den Eltern getragen werden, was sich die Betreuer unserer Kinder nicht leisten k\u00f6nnen. Trotz der Schulpflicht betr\u00e4gt der Anteil der Analphabeten \u00fcber 25 Prozent.<\/p>\n<p style=\"text-align: center;\">\n<h3 style=\"text-align: center;\"><span>Werden Sie Spender!<\/span><span><\/span><\/h3>\n<p style=\"text-align: center;\"><span><\/span><\/p>\n<p><img loading=\"lazy\" decoding=\"async\" class=\"size-full wp-image-211447 alignnone aligncenter\" src=\"https:\/\/wiso-data.de\/echo-kamerun\/wp-content\/uploads\/2020\/06\/Emanuela.jpg\" alt=\"\" width=\"960\" height=\"640\" srcset=\"https:\/\/wiso-data.de\/echo-kamerun\/wp-content\/uploads\/2020\/06\/Emanuela.jpg 960w, https:\/\/wiso-data.de\/echo-kamerun\/wp-content\/uploads\/2020\/06\/Emanuela-300x200.jpg 300w, https:\/\/wiso-data.de\/echo-kamerun\/wp-content\/uploads\/2020\/06\/Emanuela-768x512.jpg 768w\" sizes=\"(max-width: 960px) 100vw, 960px\" \/><\/p>\n<p>[\/et_pb_text][et_pb_button button_url=&#8220;https:\/\/wiso-data.de\/echo-kamerun\/projekte\/echo-kamerun-bessere-zukunft-lendemain-meilleu\/&#8220; button_text=&#8220;Weitere Informationen zum Projekt&#8220; button_alignment=&#8220;center&#8220; _builder_version=&#8220;4.24.0&#8243; custom_button=&#8220;on&#8220; button_text_size=&#8220;16&#8243; button_text_color=&#8220;#ffffff&#8220; button_bg_color=&#8220;#ff7864&#8243; button_border_color=&#8220;#ff7864&#8243; background_layout=&#8220;dark&#8220; hover_enabled=&#8220;0&#8243; global_colors_info=&#8220;{}&#8220; sticky_enabled=&#8220;0&#8243;][\/et_pb_button][\/et_pb_column][\/et_pb_row][et_pb_row _builder_version=&#8220;4.16&#8243; background_color=&#8220;#ffffff&#8220; module_alignment=&#8220;center&#8220; custom_padding=&#8220;20px|20px|20px|20px&#8220; global_colors_info=&#8220;{}&#8220;][et_pb_column type=&#8220;4_4&#8243; _builder_version=&#8220;4.16&#8243; custom_padding=&#8220;|||&#8220; global_colors_info=&#8220;{}&#8220; custom_padding__hover=&#8220;|||&#8220;][et_pb_divider color=&#8220;#cccccc&#8220; divider_weight=&#8220;2px&#8220; _builder_version=&#8220;4.16&#8243; max_width=&#8220;80px&#8220; max_width_tablet=&#8220;100px&#8220; max_width_last_edited=&#8220;off|desktop&#8220; module_alignment=&#8220;center&#8220; animation_style=&#8220;fade&#8220; global_colors_info=&#8220;{}&#8220;][\/et_pb_divider][et_pb_text admin_label=&#8220;Bessere Zukunft \u2013 Lendemain meilleur&#8220; _builder_version=&#8220;4.24.0&#8243; text_font=&#8220;|500|||||||&#8220; text_text_color=&#8220;#666666&#8243; header_2_font=&#8220;|600|||||||&#8220; header_2_font_size=&#8220;28px&#8220; header_3_text_color=&#8220;#666666&#8243; animation_style=&#8220;fade&#8220; hover_enabled=&#8220;0&#8243; text_font_size_last_edited=&#8220;off|desktop&#8220; header_2_font_size_tablet=&#8220;&#8220; header_2_font_size_phone=&#8220;20px&#8220; header_2_font_size_last_edited=&#8220;on|desktop&#8220; global_colors_info=&#8220;{}&#8220; sticky_enabled=&#8220;0&#8243;]<\/p>\n<p style=\"text-align: center;\">Dank unserer treuen Spender erm\u00f6glichen wir seit 2016 die Schulbildung f\u00fcr Kinder unseres Projektes.<span><\/span><\/p>\n<p style=\"text-align: center;\"><span><\/span><\/p>\n<p style=\"text-align: center;\"><span><\/span><\/p>\n<p>[\/et_pb_text][\/et_pb_column][\/et_pb_row][\/et_pb_section]<\/p>\n","protected":false},"excerpt":{"rendered":"<p>Christophe, 2017 von \u201eBessere Zukunft\u201c eingeschult. Spendenkonto:DE76160500003651035440 Echo Kamerun wurde im Jahr 2007 in Bad Belzig (Brandenburg) gegr\u00fcndet und hat sich einer Entwicklungszusammenarbeit auf Augenh\u00f6he verschrieben, im Glauben, dass beide Seiten zu geben und zu empfangen haben. Die Partnerschaft basiert auf Kontakten zwischen Bad Belzig und Kribi, einer Stadt in Kamerun an der Atlantikk\u00fcste.Echo KamerunAlex, [&hellip;]<\/p>\n","protected":false},"author":1,"featured_media":0,"parent":0,"menu_order":1,"comment_status":"closed","ping_status":"closed","template":"","meta":{"_et_pb_use_builder":"on","_et_pb_old_content":"","_et_gb_content_width":"","footnotes":""},"class_list":["post-6","page","type-page","status-publish","hentry"],"yoast_head":"<!-- This site is optimized with the Yoast SEO plugin v24.3 - https:\/\/yoast.com\/wordpress\/plugins\/seo\/ -->\n<title>Echo-Kamerun e.V. - Willkommen auf unserer Homepage<\/title>\n<meta name=\"description\" content=\"Homepage des Vereins &quot;Echo Kamerun e.V.&quot; - Partnerschaft und Projektarbeit zwischen Bad Belzig in Deutschand und Kribi in Kamerun.\" \/>\n<meta name=\"robots\" content=\"index, follow, max-snippet:-1, max-image-preview:large, max-video-preview:-1\" \/>\n<link rel=\"canonical\" href=\"https:\/\/wiso-data.de\/echo-kamerun\/\" \/>\n<meta property=\"og:locale\" content=\"de_DE\" \/>\n<meta property=\"og:type\" content=\"article\" \/>\n<meta property=\"og:title\" content=\"Echo-Kamerun e.V. - Willkommen auf unserer Homepage\" \/>\n<meta property=\"og:description\" content=\"Homepage des Vereins &quot;Echo Kamerun e.V.&quot; - Partnerschaft und Projektarbeit zwischen Bad Belzig in Deutschand und Kribi in Kamerun.\" \/>\n<meta property=\"og:url\" content=\"https:\/\/wiso-data.de\/echo-kamerun\/\" \/>\n<meta property=\"og:site_name\" content=\"Echo Kamerun e.V.\" \/>\n<meta property=\"article:modified_time\" content=\"2024-04-12T15:27:12+00:00\" \/>\n<meta property=\"og:image\" content=\"https:\/\/wiso-data.de\/echo-kamerun\/wp-content\/uploads\/2020\/06\/Emanuela.jpg\" \/>\n<meta name=\"twitter:card\" content=\"summary_large_image\" \/>\n<meta name=\"twitter:label1\" content=\"Gesch\u00e4tzte Lesezeit\" \/>\n\t<meta name=\"twitter:data1\" content=\"8\u00a0Minuten\" \/>\n<script type=\"application\/ld+json\" class=\"yoast-schema-graph\">{\"@context\":\"https:\/\/schema.org\",\"@graph\":[{\"@type\":\"WebPage\",\"@id\":\"https:\/\/wiso-data.de\/echo-kamerun\/\",\"url\":\"https:\/\/wiso-data.de\/echo-kamerun\/\",\"name\":\"Echo-Kamerun e.V. - Willkommen auf unserer Homepage\",\"isPartOf\":{\"@id\":\"https:\/\/wiso-data.de\/echo-kamerun\/#website\"},\"primaryImageOfPage\":{\"@id\":\"https:\/\/wiso-data.de\/echo-kamerun\/#primaryimage\"},\"image\":{\"@id\":\"https:\/\/wiso-data.de\/echo-kamerun\/#primaryimage\"},\"thumbnailUrl\":\"https:\/\/wiso-data.de\/echo-kamerun\/wp-content\/uploads\/2020\/06\/Emanuela.jpg\",\"datePublished\":\"2018-08-17T14:28:19+00:00\",\"dateModified\":\"2024-04-12T15:27:12+00:00\",\"description\":\"Homepage des Vereins \\\"Echo Kamerun e.V.\\\" - Partnerschaft und Projektarbeit zwischen Bad Belzig in Deutschand und Kribi in Kamerun.\",\"breadcrumb\":{\"@id\":\"https:\/\/wiso-data.de\/echo-kamerun\/#breadcrumb\"},\"inLanguage\":\"de\",\"potentialAction\":[{\"@type\":\"ReadAction\",\"target\":[\"https:\/\/wiso-data.de\/echo-kamerun\/\"]}]},{\"@type\":\"ImageObject\",\"inLanguage\":\"de\",\"@id\":\"https:\/\/wiso-data.de\/echo-kamerun\/#primaryimage\",\"url\":\"https:\/\/wiso-data.de\/echo-kamerun\/wp-content\/uploads\/2020\/06\/Emanuela.jpg\",\"contentUrl\":\"https:\/\/wiso-data.de\/echo-kamerun\/wp-content\/uploads\/2020\/06\/Emanuela.jpg\",\"width\":960,\"height\":640},{\"@type\":\"BreadcrumbList\",\"@id\":\"https:\/\/wiso-data.de\/echo-kamerun\/#breadcrumb\",\"itemListElement\":[{\"@type\":\"ListItem\",\"position\":1,\"name\":\"Startseite\",\"item\":\"https:\/\/wiso-data.de\/echo-kamerun\/\"},{\"@type\":\"ListItem\",\"position\":2,\"name\":\"Echo Kamerun\"}]},{\"@type\":\"WebSite\",\"@id\":\"https:\/\/wiso-data.de\/echo-kamerun\/#website\",\"url\":\"https:\/\/wiso-data.de\/echo-kamerun\/\",\"name\":\"Echo Kamerun e.V.\",\"description\":\"Der Verein Echo-Kamerun aus Bad Belzig stellt sich vor\",\"potentialAction\":[{\"@type\":\"SearchAction\",\"target\":{\"@type\":\"EntryPoint\",\"urlTemplate\":\"https:\/\/wiso-data.de\/echo-kamerun\/?s={search_term_string}\"},\"query-input\":{\"@type\":\"PropertyValueSpecification\",\"valueRequired\":true,\"valueName\":\"search_term_string\"}}],\"inLanguage\":\"de\"}]}<\/script>\n<!-- \/ Yoast SEO plugin. -->","yoast_head_json":{"title":"Echo-Kamerun e.V. - Willkommen auf unserer Homepage","description":"Homepage des Vereins \"Echo Kamerun e.V.\" - Partnerschaft und Projektarbeit zwischen Bad Belzig in Deutschand und Kribi in Kamerun.","robots":{"index":"index","follow":"follow","max-snippet":"max-snippet:-1","max-image-preview":"max-image-preview:large","max-video-preview":"max-video-preview:-1"},"canonical":"https:\/\/wiso-data.de\/echo-kamerun\/","og_locale":"de_DE","og_type":"article","og_title":"Echo-Kamerun e.V. - Willkommen auf unserer Homepage","og_description":"Homepage des Vereins \"Echo Kamerun e.V.\" - Partnerschaft und Projektarbeit zwischen Bad Belzig in Deutschand und Kribi in Kamerun.","og_url":"https:\/\/wiso-data.de\/echo-kamerun\/","og_site_name":"Echo Kamerun e.V.","article_modified_time":"2024-04-12T15:27:12+00:00","og_image":[{"url":"https:\/\/wiso-data.de\/echo-kamerun\/wp-content\/uploads\/2020\/06\/Emanuela.jpg","type":"","width":"","height":""}],"twitter_card":"summary_large_image","twitter_misc":{"Gesch\u00e4tzte Lesezeit":"8\u00a0Minuten"},"schema":{"@context":"https:\/\/schema.org","@graph":[{"@type":"WebPage","@id":"https:\/\/wiso-data.de\/echo-kamerun\/","url":"https:\/\/wiso-data.de\/echo-kamerun\/","name":"Echo-Kamerun e.V. - Willkommen auf unserer Homepage","isPartOf":{"@id":"https:\/\/wiso-data.de\/echo-kamerun\/#website"},"primaryImageOfPage":{"@id":"https:\/\/wiso-data.de\/echo-kamerun\/#primaryimage"},"image":{"@id":"https:\/\/wiso-data.de\/echo-kamerun\/#primaryimage"},"thumbnailUrl":"https:\/\/wiso-data.de\/echo-kamerun\/wp-content\/uploads\/2020\/06\/Emanuela.jpg","datePublished":"2018-08-17T14:28:19+00:00","dateModified":"2024-04-12T15:27:12+00:00","description":"Homepage des Vereins \"Echo Kamerun e.V.\" - Partnerschaft und Projektarbeit zwischen Bad Belzig in Deutschand und Kribi in Kamerun.","breadcrumb":{"@id":"https:\/\/wiso-data.de\/echo-kamerun\/#breadcrumb"},"inLanguage":"de","potentialAction":[{"@type":"ReadAction","target":["https:\/\/wiso-data.de\/echo-kamerun\/"]}]},{"@type":"ImageObject","inLanguage":"de","@id":"https:\/\/wiso-data.de\/echo-kamerun\/#primaryimage","url":"https:\/\/wiso-data.de\/echo-kamerun\/wp-content\/uploads\/2020\/06\/Emanuela.jpg","contentUrl":"https:\/\/wiso-data.de\/echo-kamerun\/wp-content\/uploads\/2020\/06\/Emanuela.jpg","width":960,"height":640},{"@type":"BreadcrumbList","@id":"https:\/\/wiso-data.de\/echo-kamerun\/#breadcrumb","itemListElement":[{"@type":"ListItem","position":1,"name":"Startseite","item":"https:\/\/wiso-data.de\/echo-kamerun\/"},{"@type":"ListItem","position":2,"name":"Echo Kamerun"}]},{"@type":"WebSite","@id":"https:\/\/wiso-data.de\/echo-kamerun\/#website","url":"https:\/\/wiso-data.de\/echo-kamerun\/","name":"Echo Kamerun e.V.","description":"Der Verein Echo-Kamerun aus Bad Belzig stellt sich vor","potentialAction":[{"@type":"SearchAction","target":{"@type":"EntryPoint","urlTemplate":"https:\/\/wiso-data.de\/echo-kamerun\/?s={search_term_string}"},"query-input":{"@type":"PropertyValueSpecification","valueRequired":true,"valueName":"search_term_string"}}],"inLanguage":"de"}]}},"_links":{"self":[{"href":"https:\/\/wiso-data.de\/echo-kamerun\/wp-json\/wp\/v2\/pages\/6","targetHints":{"allow":["GET"]}}],"collection":[{"href":"https:\/\/wiso-data.de\/echo-kamerun\/wp-json\/wp\/v2\/pages"}],"about":[{"href":"https:\/\/wiso-data.de\/echo-kamerun\/wp-json\/wp\/v2\/types\/page"}],"author":[{"embeddable":true,"href":"https:\/\/wiso-data.de\/echo-kamerun\/wp-json\/wp\/v2\/users\/1"}],"replies":[{"embeddable":true,"href":"https:\/\/wiso-data.de\/echo-kamerun\/wp-json\/wp\/v2\/comments?post=6"}],"version-history":[{"count":190,"href":"https:\/\/wiso-data.de\/echo-kamerun\/wp-json\/wp\/v2\/pages\/6\/revisions"}],"predecessor-version":[{"id":212142,"href":"https:\/\/wiso-data.de\/echo-kamerun\/wp-json\/wp\/v2\/pages\/6\/revisions\/212142"}],"wp:attachment":[{"href":"https:\/\/wiso-data.de\/echo-kamerun\/wp-json\/wp\/v2\/media?parent=6"}],"curies":[{"name":"wp","href":"https:\/\/api.w.org\/{rel}","templated":true}]}}