{"id":126,"date":"2018-08-19T10:09:51","date_gmt":"2018-08-19T08:09:51","guid":{"rendered":"https:\/\/wiso-data.de\/echo-kamerun\/?page_id=126"},"modified":"2024-04-12T17:59:12","modified_gmt":"2024-04-12T15:59:12","slug":"satzung","status":"publish","type":"page","link":"https:\/\/wiso-data.de\/echo-kamerun\/wir-ueber-uns\/satzung\/","title":{"rendered":"Satzung"},"content":{"rendered":"<p>[et_pb_section fb_built=&#8220;1&#8243; fullwidth=&#8220;on&#8220; _builder_version=&#8220;4.16&#8243; global_colors_info=&#8220;{}&#8220;][et_pb_fullwidth_image src=&#8220;https:\/\/wiso-data.de\/echo-kamerun\/wp-content\/uploads\/2018\/11\/Echoorange10.jpg&#8220; _builder_version=&#8220;4.16&#8243; global_colors_info=&#8220;{}&#8220;][\/et_pb_fullwidth_image][\/et_pb_section][et_pb_section fb_built=&#8220;1&#8243; _builder_version=&#8220;4.16&#8243; global_colors_info=&#8220;{}&#8220;][et_pb_row _builder_version=&#8220;4.16&#8243; background_size=&#8220;initial&#8220; background_position=&#8220;top_left&#8220; background_repeat=&#8220;repeat&#8220; global_colors_info=&#8220;{}&#8220;][et_pb_column type=&#8220;4_4&#8243; _builder_version=&#8220;4.16&#8243; custom_padding=&#8220;|||&#8220; global_colors_info=&#8220;{}&#8220; custom_padding__hover=&#8220;|||&#8220;][et_pb_text _builder_version=&#8220;4.16&#8243; global_colors_info=&#8220;{}&#8220;]<\/p>\n<h1>Satzung<\/h1>\n<p><strong>\u00a7 1. Name, Sitz, Gesch\u00e4ftsjahr<\/strong><\/p>\n<p>1. Der Verein tr\u00e4gt den Namen \u201eEcho-Kamerun\u201c mit Sitz in Belzig und ist hervorgegangen aus dem \u201eBelziger Forum e.V.\u201c<\/p>\n<p>2. Er wird eingetragen in das Vereinsregister beim Amtsgericht Brandenburg an der Havel.<\/p>\n<p>3. Das Gesch\u00e4ftsjahr ist das Kalenderjahr.<\/p>\n<p><strong>\u00a7 2. Vereinszweck<\/strong><\/p>\n<p>Zweck des Vereins ist die Pflege und F\u00f6rderung des V\u00f6lkerverst\u00e4ndigungsgedankens insbesondere zwischen dem Land Brandenburg und der Republik Kamerun, vorrangig in der Stadt Kribi (Commune urbaine de Kribi, Republique du Cameroun).<\/p>\n<p>Durch die Vereinsarbeit soll das Interesse des Landes Brandenburg an Kamerun sowie das Interesse von Kamerun am Land Brandenburg gest\u00e4rkt und interkultureller Austausch gepflegt werden.<\/p>\n<p>1. Der Vereinzweck wird im Besonderen erreicht durch:<\/p>\n<p>Organisation und Durchf\u00fchrung von Veranstaltungen und Seminaren, die die Beziehungen st\u00e4rken (Vereine, Schulen, Beh\u00f6rden, K\u00f6rperschaften ), vorrangig im Landkreis Potsdam-Mittelmark des Landes Brandenburg der Bundesrepublik Deutschland einerseits und der Stadt Kribi in der Republik Kamerun anderseits,<\/p>\n<p>Organisation und Durchf\u00fchrung von Begegnungen zur Verbesserung der Zusammenarbeit zwischen Organisationen, Betrieben und Einzelpersonen der Bundesrepublik und der Republik Kamerun zur Zusammenarbeit.<\/p>\n<p>Zu Themen, wie<\/p>\n<p>Wasser-, Abwasserversorgung,<\/p>\n<p>Abfallversorgung,<\/p>\n<p>Bildungswesen,<\/p>\n<p>Umweltschutz,<\/p>\n<p>Austausch von Sch\u00fclern etc.<\/p>\n<p>Vermittlung von l\u00e4nderspezifischen Kenntnissen,<\/p>\n<p>2. Zwecks des Vereins ist die F\u00f6rderung der Entwicklungshilfe in der Republik Kamerun.<\/p>\n<p>Sie wird verwirklicht durch:<\/p>\n<p>Beschaffung und Finanzierung f\u00fcr:<\/p>\n<p>Ausr\u00fcstungen f\u00fcr Bildungseinrichtungen mit Lehrmaterial<\/p>\n<p>Ma\u00dfnahmen zum Schutz der Umwelt<\/p>\n<p>Verbesserung der technischen und sozialen Infrastruktur<\/p>\n<p>Aufbau und Pflege eines Informations- und Kontaktnetzes.<\/p>\n<p>Der Verein plant und f\u00f6rdert den Bau eines Geb\u00e4udes, genannt \u00b4Echo-Village\u00b4 in der<\/p>\n<p>Stadt Kribi als Begegnungsst\u00e4tte und Arbeitsst\u00e4tte f\u00fcr Projektarbeit.<\/p>\n<p><strong>\u00a7 3. Gemeinn\u00fctzigkeit<\/strong><\/p>\n<p>Der Verein verfolgt ausschlie\u00dflich und unmittelbar gemeinn\u00fctzige Zwecke im Sinne des Abschnitts &#8222;Steuerbeg\u00fcnstigte Zwecke&#8220; der Abgabenordnung. Er ist selbstlos t\u00e4tig; er verfolgt nicht in erster Linie eigenwirtschaftliche Zwecke.<\/p>\n<p>Mittel des Vereins d\u00fcrfen nur f\u00fcr die satzungsm\u00e4\u00dfigen Zwecke verwendet werden. Die Mitglieder erhalten keine Zuwendungen aus Mitteln des Vereins.<\/p>\n<p>Es darf keine Person durch Ausgaben, die dem Zweck des Vereins fremd sind, oder durch unverh\u00e4ltnism\u00e4\u00dfig hohe Verg\u00fctungen beg\u00fcnstigt werden.<\/p>\n<p><strong>\u00a7 4. Vereinsaufl\u00f6sung<\/strong><\/p>\n<p><strong> <\/strong><\/p>\n<p><strong><\/strong><\/p>\n<p>Bei Aufl\u00f6sung des Vereins oder bei Wegfall steuerbeg\u00fcnstigter Zwecke f\u00e4llt das Verm\u00f6gen des Vereins an die Stadt Belzig, die es unmittelbar und ausschlie\u00dflich f\u00fcr gemeinn\u00fctzige oder mildt\u00e4tige Zwecke zu verwenden hat.<\/p>\n<p>Der Beschluss den Verein aufzul\u00f6sen findet statt in einer ordentlichen Mitgliederversammlung nach \u00a7 8.<\/p>\n<p>&nbsp;<\/p>\n<p><strong>\u00a7 5. Mitgliedschaft<\/strong><\/p>\n<p>a. Mitglied des Vereins kann jede nat\u00fcrliche und juristische Person werden. \u00dcber den Aufnahmeantrag entscheidet abschlie\u00dfend der Vorstand.<\/p>\n<p>b. Die Mitgliedschaft kann als ordentliches Mitgliedschaft oder als f\u00f6rdernde Mitgliedschaft erworben werden.<\/p>\n<p>c. Die Mitgliedschaft endet durch Austritt, Ausschluss oder Tod.<\/p>\n<p>d. Freiwilliger Austritt ist zum Jahresende m\u00f6glich, durch eine schriftliche Erkl\u00e4rung gegen\u00fcber einem Vorstandsmitglied.<\/p>\n<p>e. Wenn ein Mitglied gegen die Ziele und Interessen des Vereins schwer versto\u00dfen hat oder trotz Mahnung mit dem Beitrag f\u00fcr ein Jahr im R\u00fcckstand bleibt, so kann er durch die Mitgliederversammlung mit sofortiger Wirkung ausgeschlossen werden. Vor der Beschlussfassung ist dem Mitglied Gelegenheit zu geben zur Stellungnahme.<\/p>\n<p><strong>\u00a7 6. Mitgliedsbeitr\u00e4ge<\/strong><\/p>\n<p>Von den Mitgliedern werden Beitr\u00e4ge erhoben, deren H\u00f6he und F\u00e4lligkeit von der Mitgliederversammlung festgelegt wird.<\/p>\n<p><strong>\u00a7 7. Organe des Vereins sind:<\/strong><\/p>\n<p>a. Die Mitgliederversammlung;<\/p>\n<p>b. Der Vorstand;<\/p>\n<p>c. Die Revisionskommission.<\/p>\n<p><strong><\/strong><\/p>\n<p><strong> <\/strong><\/p>\n<p><strong>\u00a7 8. Die Mitgliederversammlung<\/strong><\/p>\n<p>a. Mindestens einmal im Jahr, m\u00f6glichst im ersten Quartal, ist eine ordentliche Mitgliederversammlung einzuberufen.<\/p>\n<p>b. Eine au\u00dferordentliche Mitgliederversammlung ist einzuberufen, wenn es das Vereinsinteresse erfordert oder die Einberufung von einem Drittel der Vereinsmitglieder schriftlich unter Angabe von Gr\u00fcnden verlangt wird.<\/p>\n<p>c. Die Einberufung der Mitgliederversammlung erfolgt schriftlich durch den Vorstand unter Wahrung einer Einladungsfrist von mindestens zwei Wochen bei gleichzeitigerBekanntgabe der Tagesordnung.<\/p>\n<p>d. Jede ordnungsgem\u00e4\u00df einberufene Mitgliederversammlung ist unabh\u00e4ngig von der Zahl der Erschienenen beschlussf\u00e4hig. Die Mitgliederversammlung fasst ihre Beschl\u00fcsse mit Zweidrittelmehrheit der Erschienenen.<\/p>\n<p>e. Die Mitgliederversammlung als das oberste beschlu\u00dffassende Vereinsorgan ist grunds\u00e4tzlich f\u00fcr alle Aufgaben zust\u00e4ndig, sofern bestimmte Aufgaben gem\u00e4\u00df dieser Satzung nicht einem anderen Vereinsorgan \u00fcbertragen werden. Ihr sind insbesondere die Jahresrechnung und der Jahresbericht zur Beschlussfassung \u00fcber die Genehmigung und Entlastung des Vorstandes schriftlich vorzulegen. Sie bestellt die Revisionskommission, deren Mitglieder weder dem Vorstand noch einem vom Vorstand berufenen Gremium angeh\u00f6ren und auch nicht Angestellte des Vereins sein d\u00fcrfen, um die Buchf\u00fchrung einschlie\u00dflich Jahresabschluss zu pr\u00fcfen und \u00fcber das Ergebnis vor der Mitgliederversammlung zu berichten.<\/p>\n<p><strong>\u00a7 9. Der Vorstand<\/strong><\/p>\n<p>a. Der Verein wird von dem Vorstand geleitet.<\/p>\n<p>b. Dem Vorstand geh\u00f6ren an<\/p>\n<p>1. der\/die Vorsitzende,<\/p>\n<p>2.der\/die stellvertretende Vorsitzende<\/p>\n<p>3.der Kassierer\/die Kassiererin<\/p>\n<p>c. Der Verein wird im Sinne des \u00a7 26 BGB von zwei Vorstandsmitgliedern vertreten.<\/p>\n<p>d. Der Vorstand wird von der Mitgliederversammlung f\u00fcr die Dauer von einem Jahr gew\u00e4hlt. Die Wiederwahl der Vorstandsmitglieder ist m\u00f6glich.<\/p>\n<p>e. Der Vorstand \u00fcbt seine T\u00e4tigkeit ehrenamtlich aus.<\/p>\n<p>f. Vorstandssitzungen finden auf schriftliche Einladung durch den Vorsitzenden statt unter Einhaltung einer Einladefrist von mindestens einer Woche. Vorstandsitzungen sind beschlussf\u00e4hig, wenn mindestens zwei Vorstandsmitglieder anwesend sind. Der Vorstand fasst seine Beschl\u00fcsse mit einfacher Mehrheit.<\/p>\n<p><strong>\u00a7 10. Die Revisionskommission<\/strong><\/p>\n<p>Die Revisionskommission besteht aus mindestens zwei Mitgliedern.<\/p>\n<p>Die Mitglieder sind von der Mitgliederversammlung zu w\u00e4hlen. Die Revisionskommission obliegt insbesondere die Pr\u00fcfung der Finanzen des Vereins und die Kontrolle der Einhaltung der Beschl\u00fcsse der Mitgliederversammlung. Sie legt der Mitgliederversammlung j\u00e4hrlich einen Pr\u00fcfbericht vor, der der Best\u00e4tigung durch die Mitgliederversammlung bedarf.<\/p>\n<p><strong>\u00a7 11. Satzungs\u00e4nderung<\/strong><\/p>\n<p>\u00dcber eine Satzungs\u00e4nderung kann nur abgestimmt werden, wenn auf diesen Tagesordnungspunkt bereits in der Einladung zur Mitgliederversammlung hingewiesen wurde. F\u00fcr eine Satzungs\u00e4nderung ist eine 2\/3-Mehrheit der Mitgliederversammlung, an der mindestens die H\u00e4lfte der Vereinsmitglieder teilnehmen muss, erforderlich.<\/p>\n<p><strong>\u00a7 12. Beurkundung von Beschl\u00fcssen<\/strong><\/p>\n<p>Die in Vorstandssitzungen und Mitgliederversammlungen gefassten Beschl\u00fcsse sind schriftlich niederzulegen und vom jeweiligen Versammlungsleiter und dem Protokollf\u00fchrer der Sitzung bzw. Versammlung zu unterzeichnen.<\/p>\n<p>[\/et_pb_text][\/et_pb_column][\/et_pb_row][\/et_pb_section]<\/p>\n","protected":false},"excerpt":{"rendered":"<p>Satzung \u00a7 1. Name, Sitz, Gesch\u00e4ftsjahr 1. Der Verein tr\u00e4gt den Namen \u201eEcho-Kamerun\u201c mit Sitz in Belzig und ist hervorgegangen aus dem \u201eBelziger Forum e.V.\u201c 2. Er wird eingetragen in das Vereinsregister beim Amtsgericht Brandenburg an der Havel. 3. Das Gesch\u00e4ftsjahr ist das Kalenderjahr. \u00a7 2. Vereinszweck Zweck des Vereins ist die Pflege und F\u00f6rderung [&hellip;]<\/p>\n","protected":false},"author":1,"featured_media":0,"parent":8,"menu_order":3,"comment_status":"closed","ping_status":"closed","template":"","meta":{"_et_pb_use_builder":"on","_et_pb_old_content":"","_et_gb_content_width":"","footnotes":""},"class_list":["post-126","page","type-page","status-publish","hentry"],"yoast_head":"<!-- This site is optimized with the Yoast SEO plugin v24.3 - https:\/\/yoast.com\/wordpress\/plugins\/seo\/ -->\n<title>Satzung | Echo Kamerun e.V.<\/title>\n<meta name=\"robots\" content=\"index, follow, max-snippet:-1, max-image-preview:large, max-video-preview:-1\" \/>\n<link rel=\"canonical\" href=\"https:\/\/wiso-data.de\/echo-kamerun\/wir-ueber-uns\/satzung\/\" \/>\n<meta property=\"og:locale\" content=\"de_DE\" \/>\n<meta property=\"og:type\" content=\"article\" \/>\n<meta property=\"og:title\" content=\"Satzung | Echo Kamerun e.V.\" \/>\n<meta property=\"og:description\" content=\"Satzung \u00a7 1. Name, Sitz, Gesch\u00e4ftsjahr 1. Der Verein tr\u00e4gt den Namen \u201eEcho-Kamerun\u201c mit Sitz in Belzig und ist hervorgegangen aus dem \u201eBelziger Forum e.V.\u201c 2. Er wird eingetragen in das Vereinsregister beim Amtsgericht Brandenburg an der Havel. 3. Das Gesch\u00e4ftsjahr ist das Kalenderjahr. \u00a7 2. Vereinszweck Zweck des Vereins ist die Pflege und F\u00f6rderung [&hellip;]\" \/>\n<meta property=\"og:url\" content=\"https:\/\/wiso-data.de\/echo-kamerun\/wir-ueber-uns\/satzung\/\" \/>\n<meta property=\"og:site_name\" content=\"Echo Kamerun e.V.\" \/>\n<meta property=\"article:modified_time\" content=\"2024-04-12T15:59:12+00:00\" \/>\n<meta name=\"twitter:card\" content=\"summary_large_image\" \/>\n<meta name=\"twitter:label1\" content=\"Gesch\u00e4tzte Lesezeit\" \/>\n\t<meta name=\"twitter:data1\" content=\"5\u00a0Minuten\" \/>\n<script type=\"application\/ld+json\" class=\"yoast-schema-graph\">{\"@context\":\"https:\/\/schema.org\",\"@graph\":[{\"@type\":\"WebPage\",\"@id\":\"https:\/\/wiso-data.de\/echo-kamerun\/wir-ueber-uns\/satzung\/\",\"url\":\"https:\/\/wiso-data.de\/echo-kamerun\/wir-ueber-uns\/satzung\/\",\"name\":\"Satzung | Echo Kamerun e.V.\",\"isPartOf\":{\"@id\":\"https:\/\/wiso-data.de\/echo-kamerun\/#website\"},\"datePublished\":\"2018-08-19T08:09:51+00:00\",\"dateModified\":\"2024-04-12T15:59:12+00:00\",\"breadcrumb\":{\"@id\":\"https:\/\/wiso-data.de\/echo-kamerun\/wir-ueber-uns\/satzung\/#breadcrumb\"},\"inLanguage\":\"de\",\"potentialAction\":[{\"@type\":\"ReadAction\",\"target\":[\"https:\/\/wiso-data.de\/echo-kamerun\/wir-ueber-uns\/satzung\/\"]}]},{\"@type\":\"BreadcrumbList\",\"@id\":\"https:\/\/wiso-data.de\/echo-kamerun\/wir-ueber-uns\/satzung\/#breadcrumb\",\"itemListElement\":[{\"@type\":\"ListItem\",\"position\":1,\"name\":\"Startseite\",\"item\":\"https:\/\/wiso-data.de\/echo-kamerun\/\"},{\"@type\":\"ListItem\",\"position\":2,\"name\":\"Wir \u00fcber uns\",\"item\":\"https:\/\/wiso-data.de\/echo-kamerun\/wir-ueber-uns\/\"},{\"@type\":\"ListItem\",\"position\":3,\"name\":\"Satzung\"}]},{\"@type\":\"WebSite\",\"@id\":\"https:\/\/wiso-data.de\/echo-kamerun\/#website\",\"url\":\"https:\/\/wiso-data.de\/echo-kamerun\/\",\"name\":\"Echo Kamerun e.V.\",\"description\":\"Der Verein Echo-Kamerun aus Bad Belzig stellt sich vor\",\"potentialAction\":[{\"@type\":\"SearchAction\",\"target\":{\"@type\":\"EntryPoint\",\"urlTemplate\":\"https:\/\/wiso-data.de\/echo-kamerun\/?s={search_term_string}\"},\"query-input\":{\"@type\":\"PropertyValueSpecification\",\"valueRequired\":true,\"valueName\":\"search_term_string\"}}],\"inLanguage\":\"de\"}]}<\/script>\n<!-- \/ Yoast SEO plugin. -->","yoast_head_json":{"title":"Satzung | Echo Kamerun e.V.","robots":{"index":"index","follow":"follow","max-snippet":"max-snippet:-1","max-image-preview":"max-image-preview:large","max-video-preview":"max-video-preview:-1"},"canonical":"https:\/\/wiso-data.de\/echo-kamerun\/wir-ueber-uns\/satzung\/","og_locale":"de_DE","og_type":"article","og_title":"Satzung | Echo Kamerun e.V.","og_description":"Satzung \u00a7 1. Name, Sitz, Gesch\u00e4ftsjahr 1. Der Verein tr\u00e4gt den Namen \u201eEcho-Kamerun\u201c mit Sitz in Belzig und ist hervorgegangen aus dem \u201eBelziger Forum e.V.\u201c 2. Er wird eingetragen in das Vereinsregister beim Amtsgericht Brandenburg an der Havel. 3. Das Gesch\u00e4ftsjahr ist das Kalenderjahr. \u00a7 2. Vereinszweck Zweck des Vereins ist die Pflege und F\u00f6rderung [&hellip;]","og_url":"https:\/\/wiso-data.de\/echo-kamerun\/wir-ueber-uns\/satzung\/","og_site_name":"Echo Kamerun e.V.","article_modified_time":"2024-04-12T15:59:12+00:00","twitter_card":"summary_large_image","twitter_misc":{"Gesch\u00e4tzte Lesezeit":"5\u00a0Minuten"},"schema":{"@context":"https:\/\/schema.org","@graph":[{"@type":"WebPage","@id":"https:\/\/wiso-data.de\/echo-kamerun\/wir-ueber-uns\/satzung\/","url":"https:\/\/wiso-data.de\/echo-kamerun\/wir-ueber-uns\/satzung\/","name":"Satzung | Echo Kamerun e.V.","isPartOf":{"@id":"https:\/\/wiso-data.de\/echo-kamerun\/#website"},"datePublished":"2018-08-19T08:09:51+00:00","dateModified":"2024-04-12T15:59:12+00:00","breadcrumb":{"@id":"https:\/\/wiso-data.de\/echo-kamerun\/wir-ueber-uns\/satzung\/#breadcrumb"},"inLanguage":"de","potentialAction":[{"@type":"ReadAction","target":["https:\/\/wiso-data.de\/echo-kamerun\/wir-ueber-uns\/satzung\/"]}]},{"@type":"BreadcrumbList","@id":"https:\/\/wiso-data.de\/echo-kamerun\/wir-ueber-uns\/satzung\/#breadcrumb","itemListElement":[{"@type":"ListItem","position":1,"name":"Startseite","item":"https:\/\/wiso-data.de\/echo-kamerun\/"},{"@type":"ListItem","position":2,"name":"Wir \u00fcber uns","item":"https:\/\/wiso-data.de\/echo-kamerun\/wir-ueber-uns\/"},{"@type":"ListItem","position":3,"name":"Satzung"}]},{"@type":"WebSite","@id":"https:\/\/wiso-data.de\/echo-kamerun\/#website","url":"https:\/\/wiso-data.de\/echo-kamerun\/","name":"Echo Kamerun e.V.","description":"Der Verein Echo-Kamerun aus Bad Belzig stellt sich vor","potentialAction":[{"@type":"SearchAction","target":{"@type":"EntryPoint","urlTemplate":"https:\/\/wiso-data.de\/echo-kamerun\/?s={search_term_string}"},"query-input":{"@type":"PropertyValueSpecification","valueRequired":true,"valueName":"search_term_string"}}],"inLanguage":"de"}]}},"_links":{"self":[{"href":"https:\/\/wiso-data.de\/echo-kamerun\/wp-json\/wp\/v2\/pages\/126","targetHints":{"allow":["GET"]}}],"collection":[{"href":"https:\/\/wiso-data.de\/echo-kamerun\/wp-json\/wp\/v2\/pages"}],"about":[{"href":"https:\/\/wiso-data.de\/echo-kamerun\/wp-json\/wp\/v2\/types\/page"}],"author":[{"embeddable":true,"href":"https:\/\/wiso-data.de\/echo-kamerun\/wp-json\/wp\/v2\/users\/1"}],"replies":[{"embeddable":true,"href":"https:\/\/wiso-data.de\/echo-kamerun\/wp-json\/wp\/v2\/comments?post=126"}],"version-history":[{"count":6,"href":"https:\/\/wiso-data.de\/echo-kamerun\/wp-json\/wp\/v2\/pages\/126\/revisions"}],"predecessor-version":[{"id":212163,"href":"https:\/\/wiso-data.de\/echo-kamerun\/wp-json\/wp\/v2\/pages\/126\/revisions\/212163"}],"up":[{"embeddable":true,"href":"https:\/\/wiso-data.de\/echo-kamerun\/wp-json\/wp\/v2\/pages\/8"}],"wp:attachment":[{"href":"https:\/\/wiso-data.de\/echo-kamerun\/wp-json\/wp\/v2\/media?parent=126"}],"curies":[{"name":"wp","href":"https:\/\/api.w.org\/{rel}","templated":true}]}}